{"id":1207,"date":"2012-05-15T18:01:02","date_gmt":"2012-05-15T18:01:02","guid":{"rendered":"http:\/\/www.ulusiada.pt\/clima\/?page_id=1207"},"modified":"2012-05-17T11:15:01","modified_gmt":"2012-05-17T11:15:01","slug":"lei-das-portarias","status":"publish","type":"page","link":"https:\/\/www.ulusiada.pt\/clima\/ius-proprium-leis-gerais\/d-afonso-iv\/lei-das-portarias\/","title":{"rendered":"Lei das portarias"},"content":{"rendered":"<p>Ordena\u00e7\u00e3o para que n\u00e3o se receba portaria r\u00e9gia se n\u00e3o fosse dada por carta ou \u201crenembran\u00e7a\u201d, com sinal certo e selo r\u00e9gio.<\/p>\n","protected":false},"excerpt":{"rendered":"<p>Ordena\u00e7\u00e3o para que n\u00e3o se receba portaria r\u00e9gia se n\u00e3o fosse dada por carta ou \u201crenembran\u00e7a\u201d, com sinal certo e selo r\u00e9gio.<\/p>\n","protected":false},"author":1,"featured_media":0,"parent":99,"menu_order":22,"comment_status":"closed","ping_status":"open","template":"lei-page.php","meta":[],"acf":[],"_links":{"self":[{"href":"https:\/\/www.ulusiada.pt\/clima\/wp-json\/wp\/v2\/pages\/1207"}],"collection":[{"href":"https:\/\/www.ulusiada.pt\/clima\/wp-json\/wp\/v2\/pages"}],"about":[{"href":"https:\/\/www.ulusiada.pt\/clima\/wp-json\/wp\/v2\/types\/page"}],"author":[{"embeddable":true,"href":"https:\/\/www.ulusiada.pt\/clima\/wp-json\/wp\/v2\/users\/1"}],"replies":[{"embeddable":true,"href":"https:\/\/www.ulusiada.pt\/clima\/wp-json\/wp\/v2\/comments?post=1207"}],"version-history":[{"count":5,"href":"https:\/\/www.ulusiada.pt\/clima\/wp-json\/wp\/v2\/pages\/1207\/revisions"}],"predecessor-version":[{"id":1209,"href":"https:\/\/www.ulusiada.pt\/clima\/wp-json\/wp\/v2\/pages\/1207\/revisions\/1209"}],"up":[{"embeddable":true,"href":"https:\/\/www.ulusiada.pt\/clima\/wp-json\/wp\/v2\/pages\/99"}],"wp:attachment":[{"href":"https:\/\/www.ulusiada.pt\/clima\/wp-json\/wp\/v2\/media?parent=1207"}],"curies":[{"name":"wp","href":"https:\/\/api.w.org\/{rel}","templated":true}]}}