{"id":1243,"date":"2012-05-20T16:37:41","date_gmt":"2012-05-20T16:37:41","guid":{"rendered":"http:\/\/www.ulusiada.pt\/clima\/?page_id=1243"},"modified":"2012-05-20T16:37:41","modified_gmt":"2012-05-20T16:37:41","slug":"lei-das-citacoes","status":"publish","type":"page","link":"https:\/\/www.ulusiada.pt\/clima\/ius-proprium-leis-gerais\/d-afonso-iv\/lei-das-citacoes\/","title":{"rendered":"Lei das cita\u00e7\u00f5es"},"content":{"rendered":"<p>Lei para que os sobreju\u00edzes e ouvidores d\u00eaem as cartas de cita\u00e7\u00e3o nos feitos crime.<\/p>\n","protected":false},"excerpt":{"rendered":"<p>Lei para que os sobreju\u00edzes e ouvidores d\u00eaem as cartas de cita\u00e7\u00e3o nos feitos crime.<\/p>\n","protected":false},"author":1,"featured_media":0,"parent":99,"menu_order":28,"comment_status":"closed","ping_status":"open","template":"lei-page.php","meta":[],"acf":[],"_links":{"self":[{"href":"https:\/\/www.ulusiada.pt\/clima\/wp-json\/wp\/v2\/pages\/1243"}],"collection":[{"href":"https:\/\/www.ulusiada.pt\/clima\/wp-json\/wp\/v2\/pages"}],"about":[{"href":"https:\/\/www.ulusiada.pt\/clima\/wp-json\/wp\/v2\/types\/page"}],"author":[{"embeddable":true,"href":"https:\/\/www.ulusiada.pt\/clima\/wp-json\/wp\/v2\/users\/1"}],"replies":[{"embeddable":true,"href":"https:\/\/www.ulusiada.pt\/clima\/wp-json\/wp\/v2\/comments?post=1243"}],"version-history":[{"count":2,"href":"https:\/\/www.ulusiada.pt\/clima\/wp-json\/wp\/v2\/pages\/1243\/revisions"}],"predecessor-version":[{"id":1245,"href":"https:\/\/www.ulusiada.pt\/clima\/wp-json\/wp\/v2\/pages\/1243\/revisions\/1245"}],"up":[{"embeddable":true,"href":"https:\/\/www.ulusiada.pt\/clima\/wp-json\/wp\/v2\/pages\/99"}],"wp:attachment":[{"href":"https:\/\/www.ulusiada.pt\/clima\/wp-json\/wp\/v2\/media?parent=1243"}],"curies":[{"name":"wp","href":"https:\/\/api.w.org\/{rel}","templated":true}]}}