{"id":1324,"date":"2012-05-27T15:37:20","date_gmt":"2012-05-27T15:37:20","guid":{"rendered":"http:\/\/www.ulusiada.pt\/clima\/?page_id=1324"},"modified":"2012-05-27T15:38:05","modified_gmt":"2012-05-27T15:38:05","slug":"lei-da-citacao","status":"publish","type":"page","link":"https:\/\/www.ulusiada.pt\/clima\/ius-proprium-leis-gerais\/d-afonso-iv\/lei-da-citacao\/","title":{"rendered":"Lei da cita\u00e7\u00e3o"},"content":{"rendered":"<p>Lei contra os abusos dos privilegiados para citarem os seus advers\u00e1rios perante o tribunal r\u00e9gio, sem mandato especial do rei.<\/p>\n","protected":false},"excerpt":{"rendered":"<p>Lei contra os abusos dos privilegiados para citarem os seus advers\u00e1rios perante o tribunal r\u00e9gio, sem mandato especial do rei.<\/p>\n","protected":false},"author":1,"featured_media":0,"parent":99,"menu_order":47,"comment_status":"closed","ping_status":"open","template":"lei-page.php","meta":[],"acf":[],"_links":{"self":[{"href":"https:\/\/www.ulusiada.pt\/clima\/wp-json\/wp\/v2\/pages\/1324"}],"collection":[{"href":"https:\/\/www.ulusiada.pt\/clima\/wp-json\/wp\/v2\/pages"}],"about":[{"href":"https:\/\/www.ulusiada.pt\/clima\/wp-json\/wp\/v2\/types\/page"}],"author":[{"embeddable":true,"href":"https:\/\/www.ulusiada.pt\/clima\/wp-json\/wp\/v2\/users\/1"}],"replies":[{"embeddable":true,"href":"https:\/\/www.ulusiada.pt\/clima\/wp-json\/wp\/v2\/comments?post=1324"}],"version-history":[{"count":3,"href":"https:\/\/www.ulusiada.pt\/clima\/wp-json\/wp\/v2\/pages\/1324\/revisions"}],"predecessor-version":[{"id":1326,"href":"https:\/\/www.ulusiada.pt\/clima\/wp-json\/wp\/v2\/pages\/1324\/revisions\/1326"}],"up":[{"embeddable":true,"href":"https:\/\/www.ulusiada.pt\/clima\/wp-json\/wp\/v2\/pages\/99"}],"wp:attachment":[{"href":"https:\/\/www.ulusiada.pt\/clima\/wp-json\/wp\/v2\/media?parent=1324"}],"curies":[{"name":"wp","href":"https:\/\/api.w.org\/{rel}","templated":true}]}}