{"id":1380,"date":"2012-07-06T11:18:39","date_gmt":"2012-07-06T11:18:39","guid":{"rendered":"http:\/\/www.ulusiada.pt\/clima\/?page_id=1380"},"modified":"2012-07-12T12:04:26","modified_gmt":"2012-07-12T12:04:26","slug":"lei-dos-factos-notorios","status":"publish","type":"page","link":"https:\/\/www.ulusiada.pt\/clima\/ius-proprium-leis-gerais\/d-afonso-iv\/lei-dos-factos-notorios\/","title":{"rendered":"Lei dos factos not\u00f3rios"},"content":{"rendered":"<p>Lei que n\u00e3o admite qualquer defesa para aquele que nega o que, por raz\u00e3o, h\u00e1-de saber e lhe vem provado.<\/p>\n","protected":false},"excerpt":{"rendered":"<p>Lei que n\u00e3o admite qualquer defesa para aquele que nega o que, por raz\u00e3o, h\u00e1-de saber e lhe vem provado.<\/p>\n","protected":false},"author":1,"featured_media":0,"parent":99,"menu_order":57,"comment_status":"closed","ping_status":"open","template":"lei-page.php","meta":[],"acf":[],"_links":{"self":[{"href":"https:\/\/www.ulusiada.pt\/clima\/wp-json\/wp\/v2\/pages\/1380"}],"collection":[{"href":"https:\/\/www.ulusiada.pt\/clima\/wp-json\/wp\/v2\/pages"}],"about":[{"href":"https:\/\/www.ulusiada.pt\/clima\/wp-json\/wp\/v2\/types\/page"}],"author":[{"embeddable":true,"href":"https:\/\/www.ulusiada.pt\/clima\/wp-json\/wp\/v2\/users\/1"}],"replies":[{"embeddable":true,"href":"https:\/\/www.ulusiada.pt\/clima\/wp-json\/wp\/v2\/comments?post=1380"}],"version-history":[{"count":6,"href":"https:\/\/www.ulusiada.pt\/clima\/wp-json\/wp\/v2\/pages\/1380\/revisions"}],"predecessor-version":[{"id":1382,"href":"https:\/\/www.ulusiada.pt\/clima\/wp-json\/wp\/v2\/pages\/1380\/revisions\/1382"}],"up":[{"embeddable":true,"href":"https:\/\/www.ulusiada.pt\/clima\/wp-json\/wp\/v2\/pages\/99"}],"wp:attachment":[{"href":"https:\/\/www.ulusiada.pt\/clima\/wp-json\/wp\/v2\/media?parent=1380"}],"curies":[{"name":"wp","href":"https:\/\/api.w.org\/{rel}","templated":true}]}}