{"id":1439,"date":"2012-07-08T15:53:23","date_gmt":"2012-07-08T15:53:23","guid":{"rendered":"http:\/\/www.ulusiada.pt\/clima\/?page_id=1439"},"modified":"2012-07-08T16:17:01","modified_gmt":"2012-07-08T16:17:01","slug":"lei-dos-porteiros-e-sacadores-2","status":"publish","type":"page","link":"https:\/\/www.ulusiada.pt\/clima\/ius-proprium-leis-gerais\/d-afonso-iv\/lei-dos-porteiros-e-sacadores-2\/","title":{"rendered":"Lei dos porteiros e sacadores"},"content":{"rendered":"<p>Conjunto de disposi\u00e7\u00f5es normativas sobre os of\u00edcios dos porteiros e dos sacadores das d\u00edvidas.<\/p>\n","protected":false},"excerpt":{"rendered":"<p>Conjunto de disposi\u00e7\u00f5es normativas sobre os of\u00edcios dos porteiros e dos sacadores das d\u00edvidas.<\/p>\n","protected":false},"author":1,"featured_media":0,"parent":99,"menu_order":67,"comment_status":"closed","ping_status":"open","template":"lei-page.php","meta":[],"acf":[],"_links":{"self":[{"href":"https:\/\/www.ulusiada.pt\/clima\/wp-json\/wp\/v2\/pages\/1439"}],"collection":[{"href":"https:\/\/www.ulusiada.pt\/clima\/wp-json\/wp\/v2\/pages"}],"about":[{"href":"https:\/\/www.ulusiada.pt\/clima\/wp-json\/wp\/v2\/types\/page"}],"author":[{"embeddable":true,"href":"https:\/\/www.ulusiada.pt\/clima\/wp-json\/wp\/v2\/users\/1"}],"replies":[{"embeddable":true,"href":"https:\/\/www.ulusiada.pt\/clima\/wp-json\/wp\/v2\/comments?post=1439"}],"version-history":[{"count":4,"href":"https:\/\/www.ulusiada.pt\/clima\/wp-json\/wp\/v2\/pages\/1439\/revisions"}],"predecessor-version":[{"id":1441,"href":"https:\/\/www.ulusiada.pt\/clima\/wp-json\/wp\/v2\/pages\/1439\/revisions\/1441"}],"up":[{"embeddable":true,"href":"https:\/\/www.ulusiada.pt\/clima\/wp-json\/wp\/v2\/pages\/99"}],"wp:attachment":[{"href":"https:\/\/www.ulusiada.pt\/clima\/wp-json\/wp\/v2\/media?parent=1439"}],"curies":[{"name":"wp","href":"https:\/\/api.w.org\/{rel}","templated":true}]}}