{"id":1452,"date":"2012-07-08T17:03:35","date_gmt":"2012-07-08T17:03:35","guid":{"rendered":"http:\/\/www.ulusiada.pt\/clima\/?page_id=1452"},"modified":"2012-09-19T10:52:46","modified_gmt":"2012-09-19T10:52:46","slug":"lei-das-acusacoes-maliciosas","status":"publish","type":"page","link":"https:\/\/www.ulusiada.pt\/clima\/ius-proprium-leis-gerais\/d-afonso-iv\/lei-das-acusacoes-maliciosas\/","title":{"rendered":"Lei das acusa\u00e7\u00f5es maliciosas"},"content":{"rendered":"<p>Lei sobre as penas a aplicar a quem acusar outro, maliciosamente,\u00a0por inj\u00faria ou desonra; Que n\u00e3o recebam algu\u00e9m a demandar inj\u00faria, sem primeiro dar fiadores \u00e0s custas.<\/p>\n","protected":false},"excerpt":{"rendered":"<p>Lei sobre as penas a aplicar a quem acusar outro, maliciosamente,\u00a0por inj\u00faria ou desonra; Que n\u00e3o recebam algu\u00e9m a demandar inj\u00faria, sem primeiro dar fiadores \u00e0s custas.<\/p>\n","protected":false},"author":1,"featured_media":0,"parent":99,"menu_order":69,"comment_status":"closed","ping_status":"open","template":"lei-page.php","meta":[],"acf":[],"_links":{"self":[{"href":"https:\/\/www.ulusiada.pt\/clima\/wp-json\/wp\/v2\/pages\/1452"}],"collection":[{"href":"https:\/\/www.ulusiada.pt\/clima\/wp-json\/wp\/v2\/pages"}],"about":[{"href":"https:\/\/www.ulusiada.pt\/clima\/wp-json\/wp\/v2\/types\/page"}],"author":[{"embeddable":true,"href":"https:\/\/www.ulusiada.pt\/clima\/wp-json\/wp\/v2\/users\/1"}],"replies":[{"embeddable":true,"href":"https:\/\/www.ulusiada.pt\/clima\/wp-json\/wp\/v2\/comments?post=1452"}],"version-history":[{"count":11,"href":"https:\/\/www.ulusiada.pt\/clima\/wp-json\/wp\/v2\/pages\/1452\/revisions"}],"predecessor-version":[{"id":1454,"href":"https:\/\/www.ulusiada.pt\/clima\/wp-json\/wp\/v2\/pages\/1452\/revisions\/1454"}],"up":[{"embeddable":true,"href":"https:\/\/www.ulusiada.pt\/clima\/wp-json\/wp\/v2\/pages\/99"}],"wp:attachment":[{"href":"https:\/\/www.ulusiada.pt\/clima\/wp-json\/wp\/v2\/media?parent=1452"}],"curies":[{"name":"wp","href":"https:\/\/api.w.org\/{rel}","templated":true}]}}