{"id":1456,"date":"2012-07-08T17:18:44","date_gmt":"2012-07-08T17:18:44","guid":{"rendered":"http:\/\/www.ulusiada.pt\/clima\/?page_id=1456"},"modified":"2012-11-01T19:19:37","modified_gmt":"2012-11-01T19:19:37","slug":"lei-das-dadivas-e-servicos","status":"publish","type":"page","link":"https:\/\/www.ulusiada.pt\/clima\/ius-proprium-leis-gerais\/d-afonso-iv\/lei-das-dadivas-e-servicos\/","title":{"rendered":"Lei das d\u00e1divas e servi\u00e7os"},"content":{"rendered":"<p>Que os oficiais de justi\u00e7a n\u00e3o tomem servi\u00e7os de ningu\u00e9m.<\/p>\n","protected":false},"excerpt":{"rendered":"<p>Que os oficiais de justi\u00e7a n\u00e3o tomem servi\u00e7os de ningu\u00e9m.<\/p>\n","protected":false},"author":1,"featured_media":0,"parent":99,"menu_order":70,"comment_status":"closed","ping_status":"open","template":"lei-page.php","meta":[],"acf":[],"_links":{"self":[{"href":"https:\/\/www.ulusiada.pt\/clima\/wp-json\/wp\/v2\/pages\/1456"}],"collection":[{"href":"https:\/\/www.ulusiada.pt\/clima\/wp-json\/wp\/v2\/pages"}],"about":[{"href":"https:\/\/www.ulusiada.pt\/clima\/wp-json\/wp\/v2\/types\/page"}],"author":[{"embeddable":true,"href":"https:\/\/www.ulusiada.pt\/clima\/wp-json\/wp\/v2\/users\/1"}],"replies":[{"embeddable":true,"href":"https:\/\/www.ulusiada.pt\/clima\/wp-json\/wp\/v2\/comments?post=1456"}],"version-history":[{"count":5,"href":"https:\/\/www.ulusiada.pt\/clima\/wp-json\/wp\/v2\/pages\/1456\/revisions"}],"predecessor-version":[{"id":1458,"href":"https:\/\/www.ulusiada.pt\/clima\/wp-json\/wp\/v2\/pages\/1456\/revisions\/1458"}],"up":[{"embeddable":true,"href":"https:\/\/www.ulusiada.pt\/clima\/wp-json\/wp\/v2\/pages\/99"}],"wp:attachment":[{"href":"https:\/\/www.ulusiada.pt\/clima\/wp-json\/wp\/v2\/media?parent=1456"}],"curies":[{"name":"wp","href":"https:\/\/api.w.org\/{rel}","templated":true}]}}