{"id":1486,"date":"2012-07-09T13:40:25","date_gmt":"2012-07-09T13:40:25","guid":{"rendered":"http:\/\/www.ulusiada.pt\/clima\/?page_id=1486"},"modified":"2012-07-09T13:40:25","modified_gmt":"2012-07-09T13:40:25","slug":"lei-da-usura-2","status":"publish","type":"page","link":"https:\/\/www.ulusiada.pt\/clima\/ius-proprium-leis-gerais\/d-afonso-iv\/lei-da-usura-2\/","title":{"rendered":"Lei da usura"},"content":{"rendered":"<p>Que os crist\u00e3os possam fazer contratos entre si, desde que n\u00e3o sejam usur\u00e1rios.<\/p>\n","protected":false},"excerpt":{"rendered":"<p>Que os crist\u00e3os possam fazer contratos entre si, desde que n\u00e3o sejam usur\u00e1rios.<\/p>\n","protected":false},"author":1,"featured_media":0,"parent":99,"menu_order":77,"comment_status":"closed","ping_status":"open","template":"lei-page.php","meta":[],"acf":[],"_links":{"self":[{"href":"https:\/\/www.ulusiada.pt\/clima\/wp-json\/wp\/v2\/pages\/1486"}],"collection":[{"href":"https:\/\/www.ulusiada.pt\/clima\/wp-json\/wp\/v2\/pages"}],"about":[{"href":"https:\/\/www.ulusiada.pt\/clima\/wp-json\/wp\/v2\/types\/page"}],"author":[{"embeddable":true,"href":"https:\/\/www.ulusiada.pt\/clima\/wp-json\/wp\/v2\/users\/1"}],"replies":[{"embeddable":true,"href":"https:\/\/www.ulusiada.pt\/clima\/wp-json\/wp\/v2\/comments?post=1486"}],"version-history":[{"count":2,"href":"https:\/\/www.ulusiada.pt\/clima\/wp-json\/wp\/v2\/pages\/1486\/revisions"}],"predecessor-version":[{"id":1488,"href":"https:\/\/www.ulusiada.pt\/clima\/wp-json\/wp\/v2\/pages\/1486\/revisions\/1488"}],"up":[{"embeddable":true,"href":"https:\/\/www.ulusiada.pt\/clima\/wp-json\/wp\/v2\/pages\/99"}],"wp:attachment":[{"href":"https:\/\/www.ulusiada.pt\/clima\/wp-json\/wp\/v2\/media?parent=1486"}],"curies":[{"name":"wp","href":"https:\/\/api.w.org\/{rel}","templated":true}]}}