{"id":1500,"date":"2012-07-09T14:47:51","date_gmt":"2012-07-09T14:47:51","guid":{"rendered":"http:\/\/www.ulusiada.pt\/clima\/?page_id=1500"},"modified":"2012-07-09T14:48:05","modified_gmt":"2012-07-09T14:48:05","slug":"lei-dos-servicos","status":"publish","type":"page","link":"https:\/\/www.ulusiada.pt\/clima\/ius-proprium-leis-gerais\/d-afonso-iv\/lei-dos-servicos\/","title":{"rendered":"Lei dos servi\u00e7os"},"content":{"rendered":"<p>Lei proibindo os procuradores, advogados, ju\u00edzes, almoxarifes, sobreju\u00edzes, escriv\u00e3es e sacadores, de tomarem servi\u00e7os dos que tiverem feitos perante eles.<\/p>\n","protected":false},"excerpt":{"rendered":"<p>Lei proibindo os procuradores, advogados, ju\u00edzes, almoxarifes, sobreju\u00edzes, escriv\u00e3es e sacadores, de tomarem servi\u00e7os dos que tiverem feitos perante eles.<\/p>\n","protected":false},"author":1,"featured_media":0,"parent":99,"menu_order":81,"comment_status":"closed","ping_status":"open","template":"lei-page.php","meta":[],"acf":[],"_links":{"self":[{"href":"https:\/\/www.ulusiada.pt\/clima\/wp-json\/wp\/v2\/pages\/1500"}],"collection":[{"href":"https:\/\/www.ulusiada.pt\/clima\/wp-json\/wp\/v2\/pages"}],"about":[{"href":"https:\/\/www.ulusiada.pt\/clima\/wp-json\/wp\/v2\/types\/page"}],"author":[{"embeddable":true,"href":"https:\/\/www.ulusiada.pt\/clima\/wp-json\/wp\/v2\/users\/1"}],"replies":[{"embeddable":true,"href":"https:\/\/www.ulusiada.pt\/clima\/wp-json\/wp\/v2\/comments?post=1500"}],"version-history":[{"count":3,"href":"https:\/\/www.ulusiada.pt\/clima\/wp-json\/wp\/v2\/pages\/1500\/revisions"}],"predecessor-version":[{"id":1502,"href":"https:\/\/www.ulusiada.pt\/clima\/wp-json\/wp\/v2\/pages\/1500\/revisions\/1502"}],"up":[{"embeddable":true,"href":"https:\/\/www.ulusiada.pt\/clima\/wp-json\/wp\/v2\/pages\/99"}],"wp:attachment":[{"href":"https:\/\/www.ulusiada.pt\/clima\/wp-json\/wp\/v2\/media?parent=1500"}],"curies":[{"name":"wp","href":"https:\/\/api.w.org\/{rel}","templated":true}]}}