{"id":1628,"date":"2012-07-11T16:26:46","date_gmt":"2012-07-11T16:26:46","guid":{"rendered":"http:\/\/www.ulusiada.pt\/clima\/?page_id=1628"},"modified":"2012-07-11T16:26:46","modified_gmt":"2012-07-11T16:26:46","slug":"lei-das-apelacoes","status":"publish","type":"page","link":"https:\/\/www.ulusiada.pt\/clima\/ius-proprium-leis-gerais\/d-afonso-iv\/lei-das-apelacoes\/","title":{"rendered":"Lei das apela\u00e7\u00f5es"},"content":{"rendered":"<p>Como devem logo desembargar as apela\u00e7\u00f5es dos crimes.<\/p>\n","protected":false},"excerpt":{"rendered":"<p>Como devem logo desembargar as apela\u00e7\u00f5es dos crimes.<\/p>\n","protected":false},"author":1,"featured_media":0,"parent":99,"menu_order":110,"comment_status":"closed","ping_status":"open","template":"lei-page.php","meta":[],"acf":[],"_links":{"self":[{"href":"https:\/\/www.ulusiada.pt\/clima\/wp-json\/wp\/v2\/pages\/1628"}],"collection":[{"href":"https:\/\/www.ulusiada.pt\/clima\/wp-json\/wp\/v2\/pages"}],"about":[{"href":"https:\/\/www.ulusiada.pt\/clima\/wp-json\/wp\/v2\/types\/page"}],"author":[{"embeddable":true,"href":"https:\/\/www.ulusiada.pt\/clima\/wp-json\/wp\/v2\/users\/1"}],"replies":[{"embeddable":true,"href":"https:\/\/www.ulusiada.pt\/clima\/wp-json\/wp\/v2\/comments?post=1628"}],"version-history":[{"count":2,"href":"https:\/\/www.ulusiada.pt\/clima\/wp-json\/wp\/v2\/pages\/1628\/revisions"}],"predecessor-version":[{"id":1630,"href":"https:\/\/www.ulusiada.pt\/clima\/wp-json\/wp\/v2\/pages\/1628\/revisions\/1630"}],"up":[{"embeddable":true,"href":"https:\/\/www.ulusiada.pt\/clima\/wp-json\/wp\/v2\/pages\/99"}],"wp:attachment":[{"href":"https:\/\/www.ulusiada.pt\/clima\/wp-json\/wp\/v2\/media?parent=1628"}],"curies":[{"name":"wp","href":"https:\/\/api.w.org\/{rel}","templated":true}]}}