{"id":1638,"date":"2012-07-11T16:55:34","date_gmt":"2012-07-11T16:55:34","guid":{"rendered":"http:\/\/www.ulusiada.pt\/clima\/?page_id=1638"},"modified":"2012-07-11T16:55:46","modified_gmt":"2012-07-11T16:55:46","slug":"lei-dos-oficios-dos-concelhos-2","status":"publish","type":"page","link":"https:\/\/www.ulusiada.pt\/clima\/ius-proprium-leis-gerais\/d-afonso-iv\/lei-dos-oficios-dos-concelhos-2\/","title":{"rendered":"Lei dos of\u00edcios dos concelhos"},"content":{"rendered":"<p>Lei sobre as fun\u00e7oes de ju\u00edzes, advogados, procuradores, tabeli\u00e3es e outros oficiais de justi\u00e7a dos concelhos<\/p>\n","protected":false},"excerpt":{"rendered":"<p>Lei sobre as fun\u00e7oes de ju\u00edzes, advogados, procuradores, tabeli\u00e3es e outros oficiais de justi\u00e7a dos concelhos<\/p>\n","protected":false},"author":1,"featured_media":0,"parent":99,"menu_order":113,"comment_status":"closed","ping_status":"open","template":"lei-page.php","meta":[],"acf":[],"_links":{"self":[{"href":"https:\/\/www.ulusiada.pt\/clima\/wp-json\/wp\/v2\/pages\/1638"}],"collection":[{"href":"https:\/\/www.ulusiada.pt\/clima\/wp-json\/wp\/v2\/pages"}],"about":[{"href":"https:\/\/www.ulusiada.pt\/clima\/wp-json\/wp\/v2\/types\/page"}],"author":[{"embeddable":true,"href":"https:\/\/www.ulusiada.pt\/clima\/wp-json\/wp\/v2\/users\/1"}],"replies":[{"embeddable":true,"href":"https:\/\/www.ulusiada.pt\/clima\/wp-json\/wp\/v2\/comments?post=1638"}],"version-history":[{"count":3,"href":"https:\/\/www.ulusiada.pt\/clima\/wp-json\/wp\/v2\/pages\/1638\/revisions"}],"predecessor-version":[{"id":1640,"href":"https:\/\/www.ulusiada.pt\/clima\/wp-json\/wp\/v2\/pages\/1638\/revisions\/1640"}],"up":[{"embeddable":true,"href":"https:\/\/www.ulusiada.pt\/clima\/wp-json\/wp\/v2\/pages\/99"}],"wp:attachment":[{"href":"https:\/\/www.ulusiada.pt\/clima\/wp-json\/wp\/v2\/media?parent=1638"}],"curies":[{"name":"wp","href":"https:\/\/api.w.org\/{rel}","templated":true}]}}