{"id":1659,"date":"2012-07-11T19:03:10","date_gmt":"2012-07-11T19:03:10","guid":{"rendered":"http:\/\/www.ulusiada.pt\/clima\/?page_id=1659"},"modified":"2012-07-11T19:05:53","modified_gmt":"2012-07-11T19:05:53","slug":"lei-das-segurancas","status":"publish","type":"page","link":"https:\/\/www.ulusiada.pt\/clima\/ius-proprium-leis-gerais\/d-afonso-iv\/lei-das-segurancas\/","title":{"rendered":"Lei das seguran\u00e7as"},"content":{"rendered":"<p>Lei que as justi\u00e7as ponham tr\u00e9guas e seguran\u00e7as entre os fidalgos, por causa dos homic\u00eddios.<\/p>\n","protected":false},"excerpt":{"rendered":"<p>Lei que as justi\u00e7as ponham tr\u00e9guas e seguran\u00e7as entre os fidalgos, por causa dos homic\u00eddios.<\/p>\n","protected":false},"author":1,"featured_media":0,"parent":99,"menu_order":118,"comment_status":"closed","ping_status":"open","template":"lei-page.php","meta":[],"acf":[],"_links":{"self":[{"href":"https:\/\/www.ulusiada.pt\/clima\/wp-json\/wp\/v2\/pages\/1659"}],"collection":[{"href":"https:\/\/www.ulusiada.pt\/clima\/wp-json\/wp\/v2\/pages"}],"about":[{"href":"https:\/\/www.ulusiada.pt\/clima\/wp-json\/wp\/v2\/types\/page"}],"author":[{"embeddable":true,"href":"https:\/\/www.ulusiada.pt\/clima\/wp-json\/wp\/v2\/users\/1"}],"replies":[{"embeddable":true,"href":"https:\/\/www.ulusiada.pt\/clima\/wp-json\/wp\/v2\/comments?post=1659"}],"version-history":[{"count":3,"href":"https:\/\/www.ulusiada.pt\/clima\/wp-json\/wp\/v2\/pages\/1659\/revisions"}],"predecessor-version":[{"id":1661,"href":"https:\/\/www.ulusiada.pt\/clima\/wp-json\/wp\/v2\/pages\/1659\/revisions\/1661"}],"up":[{"embeddable":true,"href":"https:\/\/www.ulusiada.pt\/clima\/wp-json\/wp\/v2\/pages\/99"}],"wp:attachment":[{"href":"https:\/\/www.ulusiada.pt\/clima\/wp-json\/wp\/v2\/media?parent=1659"}],"curies":[{"name":"wp","href":"https:\/\/api.w.org\/{rel}","templated":true}]}}