{"id":1782,"date":"2012-07-14T13:40:00","date_gmt":"2012-07-14T13:40:00","guid":{"rendered":"http:\/\/www.ulusiada.pt\/clima\/?page_id=1782"},"modified":"2012-07-17T18:18:25","modified_gmt":"2012-07-17T18:18:25","slug":"lei-da-desamortizacao-2","status":"publish","type":"page","link":"https:\/\/www.ulusiada.pt\/clima\/ius-proprium-leis-gerais\/d-dinis\/lei-da-desamortizacao-2\/","title":{"rendered":"Lei da desamortiza\u00e7\u00e3o"},"content":{"rendered":"<p>Lei que manda que os cl\u00e9rigos vendam as herdades compradas, por si ou por outrem, no prazo de um ano, a partir de Santa Maria de Agosto.<\/p>\n","protected":false},"excerpt":{"rendered":"<p>Lei que manda que os cl\u00e9rigos vendam as herdades compradas, por si ou por outrem, no prazo de um ano, a partir de Santa Maria de Agosto.<\/p>\n","protected":false},"author":1,"featured_media":0,"parent":94,"menu_order":9,"comment_status":"closed","ping_status":"open","template":"lei-page.php","meta":[],"acf":[],"_links":{"self":[{"href":"https:\/\/www.ulusiada.pt\/clima\/wp-json\/wp\/v2\/pages\/1782"}],"collection":[{"href":"https:\/\/www.ulusiada.pt\/clima\/wp-json\/wp\/v2\/pages"}],"about":[{"href":"https:\/\/www.ulusiada.pt\/clima\/wp-json\/wp\/v2\/types\/page"}],"author":[{"embeddable":true,"href":"https:\/\/www.ulusiada.pt\/clima\/wp-json\/wp\/v2\/users\/1"}],"replies":[{"embeddable":true,"href":"https:\/\/www.ulusiada.pt\/clima\/wp-json\/wp\/v2\/comments?post=1782"}],"version-history":[{"count":5,"href":"https:\/\/www.ulusiada.pt\/clima\/wp-json\/wp\/v2\/pages\/1782\/revisions"}],"predecessor-version":[{"id":1784,"href":"https:\/\/www.ulusiada.pt\/clima\/wp-json\/wp\/v2\/pages\/1782\/revisions\/1784"}],"up":[{"embeddable":true,"href":"https:\/\/www.ulusiada.pt\/clima\/wp-json\/wp\/v2\/pages\/94"}],"wp:attachment":[{"href":"https:\/\/www.ulusiada.pt\/clima\/wp-json\/wp\/v2\/media?parent=1782"}],"curies":[{"name":"wp","href":"https:\/\/api.w.org\/{rel}","templated":true}]}}