{"id":2005,"date":"2012-08-21T18:20:30","date_gmt":"2012-08-21T18:20:30","guid":{"rendered":"http:\/\/www.ulusiada.pt\/clima\/?page_id=2005"},"modified":"2012-08-21T18:38:02","modified_gmt":"2012-08-21T18:38:02","slug":"lei-declarativa","status":"publish","type":"page","link":"https:\/\/www.ulusiada.pt\/clima\/ius-proprium-leis-gerais\/d-dinis\/lei-declarativa\/","title":{"rendered":"Lei declarativa"},"content":{"rendered":"<p>Declara\u00e7\u00e3o da lei sobre os que v\u00e3o contra outrem (<strong><a title=\"http:\/\/www.ulusiada.pt\/clima\/ius-proprium-leis-gerais\/d-dinis\/lei-da-legitima-defesa\/\" href=\"http:\/\/www.ulusiada.pt\/clima\/ius-proprium-leis-gerais\/d-dinis\/lei-da-legitima-defesa\/\" target=\"_blank\">1303.Junho.01<\/a><\/strong>), mandando que ela se entenda tamb\u00e9m no corregimento das chagas e feridas.<\/p>\n","protected":false},"excerpt":{"rendered":"<p>Declara\u00e7\u00e3o da lei sobre os que v\u00e3o contra outrem (1303.Junho.01), mandando que ela se entenda tamb\u00e9m no corregimento das chagas e feridas.<\/p>\n","protected":false},"author":1,"featured_media":0,"parent":94,"menu_order":44,"comment_status":"closed","ping_status":"open","template":"lei-page.php","meta":[],"acf":[],"_links":{"self":[{"href":"https:\/\/www.ulusiada.pt\/clima\/wp-json\/wp\/v2\/pages\/2005"}],"collection":[{"href":"https:\/\/www.ulusiada.pt\/clima\/wp-json\/wp\/v2\/pages"}],"about":[{"href":"https:\/\/www.ulusiada.pt\/clima\/wp-json\/wp\/v2\/types\/page"}],"author":[{"embeddable":true,"href":"https:\/\/www.ulusiada.pt\/clima\/wp-json\/wp\/v2\/users\/1"}],"replies":[{"embeddable":true,"href":"https:\/\/www.ulusiada.pt\/clima\/wp-json\/wp\/v2\/comments?post=2005"}],"version-history":[{"count":4,"href":"https:\/\/www.ulusiada.pt\/clima\/wp-json\/wp\/v2\/pages\/2005\/revisions"}],"predecessor-version":[{"id":2008,"href":"https:\/\/www.ulusiada.pt\/clima\/wp-json\/wp\/v2\/pages\/2005\/revisions\/2008"}],"up":[{"embeddable":true,"href":"https:\/\/www.ulusiada.pt\/clima\/wp-json\/wp\/v2\/pages\/94"}],"wp:attachment":[{"href":"https:\/\/www.ulusiada.pt\/clima\/wp-json\/wp\/v2\/media?parent=2005"}],"curies":[{"name":"wp","href":"https:\/\/api.w.org\/{rel}","templated":true}]}}