{"id":2011,"date":"2012-08-21T19:03:01","date_gmt":"2012-08-21T19:03:01","guid":{"rendered":"http:\/\/www.ulusiada.pt\/clima\/?page_id=2011"},"modified":"2012-08-21T19:05:05","modified_gmt":"2012-08-21T19:05:05","slug":"lei-das-testemunhas","status":"publish","type":"page","link":"https:\/\/www.ulusiada.pt\/clima\/ius-proprium-leis-gerais\/d-dinis\/lei-das-testemunhas\/","title":{"rendered":"Lei das testemunhas"},"content":{"rendered":"<p>Que os tabeli\u00e3es n\u00e3o ponham nos instrumentos e cartas p\u00fablicas menos de cinco testemunhas.<\/p>\n","protected":false},"excerpt":{"rendered":"<p>Que os tabeli\u00e3es n\u00e3o ponham nos instrumentos e cartas p\u00fablicas menos de cinco testemunhas.<\/p>\n","protected":false},"author":1,"featured_media":0,"parent":94,"menu_order":45,"comment_status":"closed","ping_status":"open","template":"lei-page.php","meta":[],"acf":[],"_links":{"self":[{"href":"https:\/\/www.ulusiada.pt\/clima\/wp-json\/wp\/v2\/pages\/2011"}],"collection":[{"href":"https:\/\/www.ulusiada.pt\/clima\/wp-json\/wp\/v2\/pages"}],"about":[{"href":"https:\/\/www.ulusiada.pt\/clima\/wp-json\/wp\/v2\/types\/page"}],"author":[{"embeddable":true,"href":"https:\/\/www.ulusiada.pt\/clima\/wp-json\/wp\/v2\/users\/1"}],"replies":[{"embeddable":true,"href":"https:\/\/www.ulusiada.pt\/clima\/wp-json\/wp\/v2\/comments?post=2011"}],"version-history":[{"count":5,"href":"https:\/\/www.ulusiada.pt\/clima\/wp-json\/wp\/v2\/pages\/2011\/revisions"}],"predecessor-version":[{"id":2013,"href":"https:\/\/www.ulusiada.pt\/clima\/wp-json\/wp\/v2\/pages\/2011\/revisions\/2013"}],"up":[{"embeddable":true,"href":"https:\/\/www.ulusiada.pt\/clima\/wp-json\/wp\/v2\/pages\/94"}],"wp:attachment":[{"href":"https:\/\/www.ulusiada.pt\/clima\/wp-json\/wp\/v2\/media?parent=2011"}],"curies":[{"name":"wp","href":"https:\/\/api.w.org\/{rel}","templated":true}]}}