{"id":2040,"date":"2012-08-22T16:42:22","date_gmt":"2012-08-22T16:42:22","guid":{"rendered":"http:\/\/www.ulusiada.pt\/clima\/?page_id=2040"},"modified":"2012-08-28T14:17:28","modified_gmt":"2012-08-28T14:17:28","slug":"lei-do-padroado-3","status":"publish","type":"page","link":"https:\/\/www.ulusiada.pt\/clima\/ius-proprium-leis-gerais\/d-dinis\/lei-do-padroado-3\/","title":{"rendered":"Lei do padroado"},"content":{"rendered":"<p>A inst\u00e2ncia dos infan\u00e7\u00f5es D. Dinis reformou a lei de seu pai, D. Afonso III, sobre os direitos dos padroeiros. Fixou que\u00a0<strong>(i)<\/strong> os ricos-homens que tivessem de duas mil libras adiante s\u00f3 poderiam levar duas bestas por cada mil livras, se com ele fosse infan\u00e7\u00e3o poderia levar cinco bestas, se fosse cavaleiro, mas n\u00e3o infan\u00e7\u00e3o, tr\u00eas bestas; <strong>(ii)<\/strong> na comitiva n\u00e3o podiam ir as mulheres dos fidalgos e muito menos as mulheres de m\u00e1 vida \u2013 \u201cnon leue hy <em>soldadeyras nen putas<\/em>\u201d; <strong>(iii)<\/strong> para o <em>jantar<\/em> de um rico-homem taxou-se doze p\u00e3es de dois dinheiros e seis para a ceia, para o infan\u00e7\u00e3o seis ao jantar e tr\u00eas \u00e0 ceia e para o cavaleiro quatro ao jantar e dois \u00e0 ceia; <strong>(iv)<\/strong> para as bestas do <em>corpo<\/em> do rico-homem alqueire e meio de cevada, ao cavalo e \u00e0s outras bestas um alqueire e aos cavalos dos infan\u00e7\u00f5es e cavaleiros alqueire e meio e \u00e0s outras bestas um alqueire; <strong>(v)<\/strong> n\u00e3o deviam pousar nem comer nas castras ou\u00a0nas c\u00e2maras dos mosteiros, nem das igrejas.<\/p>\n","protected":false},"excerpt":{"rendered":"<p>A inst\u00e2ncia dos infan\u00e7\u00f5es D. Dinis reformou a lei de seu pai, D. Afonso III, sobre os direitos dos padroeiros. Fixou que\u00a0(i) os ricos-homens que tivessem de duas mil libras adiante s\u00f3 poderiam levar duas bestas por cada mil livras, &hellip; <a href=\"https:\/\/www.ulusiada.pt\/clima\/ius-proprium-leis-gerais\/d-dinis\/lei-do-padroado-3\/\">Continuar a ler <span class=\"meta-nav\">&rarr;<\/span><\/a><\/p>\n","protected":false},"author":1,"featured_media":0,"parent":94,"menu_order":49,"comment_status":"closed","ping_status":"open","template":"lei-page.php","meta":[],"acf":[],"_links":{"self":[{"href":"https:\/\/www.ulusiada.pt\/clima\/wp-json\/wp\/v2\/pages\/2040"}],"collection":[{"href":"https:\/\/www.ulusiada.pt\/clima\/wp-json\/wp\/v2\/pages"}],"about":[{"href":"https:\/\/www.ulusiada.pt\/clima\/wp-json\/wp\/v2\/types\/page"}],"author":[{"embeddable":true,"href":"https:\/\/www.ulusiada.pt\/clima\/wp-json\/wp\/v2\/users\/1"}],"replies":[{"embeddable":true,"href":"https:\/\/www.ulusiada.pt\/clima\/wp-json\/wp\/v2\/comments?post=2040"}],"version-history":[{"count":5,"href":"https:\/\/www.ulusiada.pt\/clima\/wp-json\/wp\/v2\/pages\/2040\/revisions"}],"predecessor-version":[{"id":2042,"href":"https:\/\/www.ulusiada.pt\/clima\/wp-json\/wp\/v2\/pages\/2040\/revisions\/2042"}],"up":[{"embeddable":true,"href":"https:\/\/www.ulusiada.pt\/clima\/wp-json\/wp\/v2\/pages\/94"}],"wp:attachment":[{"href":"https:\/\/www.ulusiada.pt\/clima\/wp-json\/wp\/v2\/media?parent=2040"}],"curies":[{"name":"wp","href":"https:\/\/api.w.org\/{rel}","templated":true}]}}