{"id":2086,"date":"2012-08-23T11:05:49","date_gmt":"2012-08-23T11:05:49","guid":{"rendered":"http:\/\/www.ulusiada.pt\/clima\/?page_id=2086"},"modified":"2012-08-23T11:08:53","modified_gmt":"2012-08-23T11:08:53","slug":"lei-da-desamortizacao-7","status":"publish","type":"page","link":"https:\/\/www.ulusiada.pt\/clima\/ius-proprium-leis-gerais\/d-dinis\/lei-da-desamortizacao-7\/","title":{"rendered":"Lei da desamortiza\u00e7\u00e3o"},"content":{"rendered":"<p>Lei declarativa sobre os que morriam professos nas ordens e n\u00e3o podiam herdar (<strong><a title=\"http:\/\/www.ulusiada.pt\/clima\/ius-proprium-leis-gerais\/d-dinis\/lei-da-desamortizacao-3\/?preview=true&amp;preview_id=1805&amp;preview_nonce=2353ee040f\" href=\"http:\/\/www.ulusiada.pt\/clima\/ius-proprium-leis-gerais\/d-dinis\/lei-da-desamortizacao-3\/?preview=true&amp;preview_id=1805&amp;preview_nonce=2353ee040f\" target=\"_blank\">1291-03-21 \u2013 Coimbra<\/a><\/strong>), a prop\u00f3sito de alguns abusos cometidos contra o mosteiro de Arouca.<\/p>\n","protected":false},"excerpt":{"rendered":"<p>Lei declarativa sobre os que morriam professos nas ordens e n\u00e3o podiam herdar (1291-03-21 \u2013 Coimbra), a prop\u00f3sito de alguns abusos cometidos contra o mosteiro de Arouca.<\/p>\n","protected":false},"author":1,"featured_media":0,"parent":94,"menu_order":54,"comment_status":"closed","ping_status":"open","template":"lei-page.php","meta":[],"acf":[],"_links":{"self":[{"href":"https:\/\/www.ulusiada.pt\/clima\/wp-json\/wp\/v2\/pages\/2086"}],"collection":[{"href":"https:\/\/www.ulusiada.pt\/clima\/wp-json\/wp\/v2\/pages"}],"about":[{"href":"https:\/\/www.ulusiada.pt\/clima\/wp-json\/wp\/v2\/types\/page"}],"author":[{"embeddable":true,"href":"https:\/\/www.ulusiada.pt\/clima\/wp-json\/wp\/v2\/users\/1"}],"replies":[{"embeddable":true,"href":"https:\/\/www.ulusiada.pt\/clima\/wp-json\/wp\/v2\/comments?post=2086"}],"version-history":[{"count":3,"href":"https:\/\/www.ulusiada.pt\/clima\/wp-json\/wp\/v2\/pages\/2086\/revisions"}],"predecessor-version":[{"id":2088,"href":"https:\/\/www.ulusiada.pt\/clima\/wp-json\/wp\/v2\/pages\/2086\/revisions\/2088"}],"up":[{"embeddable":true,"href":"https:\/\/www.ulusiada.pt\/clima\/wp-json\/wp\/v2\/pages\/94"}],"wp:attachment":[{"href":"https:\/\/www.ulusiada.pt\/clima\/wp-json\/wp\/v2\/media?parent=2086"}],"curies":[{"name":"wp","href":"https:\/\/api.w.org\/{rel}","templated":true}]}}