{"id":2202,"date":"2012-08-26T16:27:06","date_gmt":"2012-08-26T16:27:06","guid":{"rendered":"http:\/\/www.ulusiada.pt\/clima\/?page_id=2202"},"modified":"2012-08-28T12:20:19","modified_gmt":"2012-08-28T12:20:19","slug":"lei-dos-contratos-entre-judeus-e-cristaos","status":"publish","type":"page","link":"https:\/\/www.ulusiada.pt\/clima\/ius-proprium-leis-gerais\/d-dinis\/lei-dos-contratos-entre-judeus-e-cristaos\/","title":{"rendered":"Lei dos contratos entre judeus e crist\u00e3os"},"content":{"rendered":"<p>Lei que estabelece que todos os contratos entre judeus e crist\u00e3os sejam feitos perante ju\u00edzes ou alcaides, com meios sobre o modo de pagamento e que proibe pedir a d\u00edvida antes do seu vencimento<\/p>\n","protected":false},"excerpt":{"rendered":"<p>Lei que estabelece que todos os contratos entre judeus e crist\u00e3os sejam feitos perante ju\u00edzes ou alcaides, com meios sobre o modo de pagamento e que proibe pedir a d\u00edvida antes do seu vencimento<\/p>\n","protected":false},"author":1,"featured_media":0,"parent":94,"menu_order":73,"comment_status":"closed","ping_status":"open","template":"lei-page.php","meta":[],"acf":[],"_links":{"self":[{"href":"https:\/\/www.ulusiada.pt\/clima\/wp-json\/wp\/v2\/pages\/2202"}],"collection":[{"href":"https:\/\/www.ulusiada.pt\/clima\/wp-json\/wp\/v2\/pages"}],"about":[{"href":"https:\/\/www.ulusiada.pt\/clima\/wp-json\/wp\/v2\/types\/page"}],"author":[{"embeddable":true,"href":"https:\/\/www.ulusiada.pt\/clima\/wp-json\/wp\/v2\/users\/1"}],"replies":[{"embeddable":true,"href":"https:\/\/www.ulusiada.pt\/clima\/wp-json\/wp\/v2\/comments?post=2202"}],"version-history":[{"count":6,"href":"https:\/\/www.ulusiada.pt\/clima\/wp-json\/wp\/v2\/pages\/2202\/revisions"}],"predecessor-version":[{"id":2205,"href":"https:\/\/www.ulusiada.pt\/clima\/wp-json\/wp\/v2\/pages\/2202\/revisions\/2205"}],"up":[{"embeddable":true,"href":"https:\/\/www.ulusiada.pt\/clima\/wp-json\/wp\/v2\/pages\/94"}],"wp:attachment":[{"href":"https:\/\/www.ulusiada.pt\/clima\/wp-json\/wp\/v2\/media?parent=2202"}],"curies":[{"name":"wp","href":"https:\/\/api.w.org\/{rel}","templated":true}]}}