{"id":2217,"date":"2012-08-26T17:32:55","date_gmt":"2012-08-26T17:32:55","guid":{"rendered":"http:\/\/www.ulusiada.pt\/clima\/?page_id=2217"},"modified":"2012-08-27T14:05:00","modified_gmt":"2012-08-27T14:05:00","slug":"lei-da-blasfemia","status":"publish","type":"page","link":"https:\/\/www.ulusiada.pt\/clima\/ius-proprium-leis-gerais\/d-dinis\/lei-da-blasfemia\/","title":{"rendered":"Lei da blasf\u00eamia"},"content":{"rendered":"<p>Lei que estabelece a pena aos que descr\u00eaem e blasfemam de Deus e de sua m\u00e3e, Santa Maria.<\/p>\n","protected":false},"excerpt":{"rendered":"<p>Lei que estabelece a pena aos que descr\u00eaem e blasfemam de Deus e de sua m\u00e3e, Santa Maria.<\/p>\n","protected":false},"author":1,"featured_media":0,"parent":94,"menu_order":76,"comment_status":"closed","ping_status":"open","template":"lei-page.php","meta":[],"acf":[],"_links":{"self":[{"href":"https:\/\/www.ulusiada.pt\/clima\/wp-json\/wp\/v2\/pages\/2217"}],"collection":[{"href":"https:\/\/www.ulusiada.pt\/clima\/wp-json\/wp\/v2\/pages"}],"about":[{"href":"https:\/\/www.ulusiada.pt\/clima\/wp-json\/wp\/v2\/types\/page"}],"author":[{"embeddable":true,"href":"https:\/\/www.ulusiada.pt\/clima\/wp-json\/wp\/v2\/users\/1"}],"replies":[{"embeddable":true,"href":"https:\/\/www.ulusiada.pt\/clima\/wp-json\/wp\/v2\/comments?post=2217"}],"version-history":[{"count":4,"href":"https:\/\/www.ulusiada.pt\/clima\/wp-json\/wp\/v2\/pages\/2217\/revisions"}],"predecessor-version":[{"id":2220,"href":"https:\/\/www.ulusiada.pt\/clima\/wp-json\/wp\/v2\/pages\/2217\/revisions\/2220"}],"up":[{"embeddable":true,"href":"https:\/\/www.ulusiada.pt\/clima\/wp-json\/wp\/v2\/pages\/94"}],"wp:attachment":[{"href":"https:\/\/www.ulusiada.pt\/clima\/wp-json\/wp\/v2\/media?parent=2217"}],"curies":[{"name":"wp","href":"https:\/\/api.w.org\/{rel}","templated":true}]}}