{"id":2359,"date":"2012-08-28T18:22:30","date_gmt":"2012-08-28T18:22:30","guid":{"rendered":"http:\/\/www.ulusiada.pt\/clima\/?page_id=2359"},"modified":"2012-08-30T11:21:25","modified_gmt":"2012-08-30T11:21:25","slug":"lei-do-foro-secular","status":"publish","type":"page","link":"https:\/\/www.ulusiada.pt\/clima\/ius-proprium-leis-gerais\/d-dinis\/lei-do-foro-secular\/","title":{"rendered":"Lei do foro secular"},"content":{"rendered":"<p>Lei dos casos em que os cl\u00e9rigos s\u00e3o da jurisdi\u00e7\u00e3o r\u00e9gia e devem responder perante juiz leigo.<\/p>\n","protected":false},"excerpt":{"rendered":"<p>Lei dos casos em que os cl\u00e9rigos s\u00e3o da jurisdi\u00e7\u00e3o r\u00e9gia e devem responder perante juiz leigo.<\/p>\n","protected":false},"author":1,"featured_media":0,"parent":94,"menu_order":100,"comment_status":"closed","ping_status":"open","template":"lei-page.php","meta":[],"acf":[],"_links":{"self":[{"href":"https:\/\/www.ulusiada.pt\/clima\/wp-json\/wp\/v2\/pages\/2359"}],"collection":[{"href":"https:\/\/www.ulusiada.pt\/clima\/wp-json\/wp\/v2\/pages"}],"about":[{"href":"https:\/\/www.ulusiada.pt\/clima\/wp-json\/wp\/v2\/types\/page"}],"author":[{"embeddable":true,"href":"https:\/\/www.ulusiada.pt\/clima\/wp-json\/wp\/v2\/users\/1"}],"replies":[{"embeddable":true,"href":"https:\/\/www.ulusiada.pt\/clima\/wp-json\/wp\/v2\/comments?post=2359"}],"version-history":[{"count":4,"href":"https:\/\/www.ulusiada.pt\/clima\/wp-json\/wp\/v2\/pages\/2359\/revisions"}],"predecessor-version":[{"id":2362,"href":"https:\/\/www.ulusiada.pt\/clima\/wp-json\/wp\/v2\/pages\/2359\/revisions\/2362"}],"up":[{"embeddable":true,"href":"https:\/\/www.ulusiada.pt\/clima\/wp-json\/wp\/v2\/pages\/94"}],"wp:attachment":[{"href":"https:\/\/www.ulusiada.pt\/clima\/wp-json\/wp\/v2\/media?parent=2359"}],"curies":[{"name":"wp","href":"https:\/\/api.w.org\/{rel}","templated":true}]}}