{"id":2392,"date":"2012-08-29T12:40:27","date_gmt":"2012-08-29T12:40:27","guid":{"rendered":"http:\/\/www.ulusiada.pt\/clima\/?page_id=2392"},"modified":"2012-08-29T12:40:36","modified_gmt":"2012-08-29T12:40:36","slug":"lei-dos-bulroes-e-inlizadores","status":"publish","type":"page","link":"https:\/\/www.ulusiada.pt\/clima\/ius-proprium-leis-gerais\/d-dinis\/lei-dos-bulroes-e-inlizadores\/","title":{"rendered":"Lei dos bulr\u00f5es e inlizadores"},"content":{"rendered":"<p>Lei dos burl\u00f5es e &#8220;inlizadores&#8221;, que estabelece que seja preso aquele que n\u00e3o paga d\u00edvida depois de julgado devedor em pleito.<\/p>\n","protected":false},"excerpt":{"rendered":"<p>Lei dos burl\u00f5es e &#8220;inlizadores&#8221;, que estabelece que seja preso aquele que n\u00e3o paga d\u00edvida depois de julgado devedor em pleito.<\/p>\n","protected":false},"author":1,"featured_media":0,"parent":94,"menu_order":109,"comment_status":"closed","ping_status":"open","template":"lei-page.php","meta":[],"acf":[],"_links":{"self":[{"href":"https:\/\/www.ulusiada.pt\/clima\/wp-json\/wp\/v2\/pages\/2392"}],"collection":[{"href":"https:\/\/www.ulusiada.pt\/clima\/wp-json\/wp\/v2\/pages"}],"about":[{"href":"https:\/\/www.ulusiada.pt\/clima\/wp-json\/wp\/v2\/types\/page"}],"author":[{"embeddable":true,"href":"https:\/\/www.ulusiada.pt\/clima\/wp-json\/wp\/v2\/users\/1"}],"replies":[{"embeddable":true,"href":"https:\/\/www.ulusiada.pt\/clima\/wp-json\/wp\/v2\/comments?post=2392"}],"version-history":[{"count":3,"href":"https:\/\/www.ulusiada.pt\/clima\/wp-json\/wp\/v2\/pages\/2392\/revisions"}],"predecessor-version":[{"id":2395,"href":"https:\/\/www.ulusiada.pt\/clima\/wp-json\/wp\/v2\/pages\/2392\/revisions\/2395"}],"up":[{"embeddable":true,"href":"https:\/\/www.ulusiada.pt\/clima\/wp-json\/wp\/v2\/pages\/94"}],"wp:attachment":[{"href":"https:\/\/www.ulusiada.pt\/clima\/wp-json\/wp\/v2\/media?parent=2392"}],"curies":[{"name":"wp","href":"https:\/\/api.w.org\/{rel}","templated":true}]}}