{"id":2414,"date":"2012-08-29T14:43:13","date_gmt":"2012-08-29T14:43:13","guid":{"rendered":"http:\/\/www.ulusiada.pt\/clima\/?page_id=2414"},"modified":"2012-08-30T12:14:49","modified_gmt":"2012-08-30T12:14:49","slug":"lei-da-ordem-do-juizo","status":"publish","type":"page","link":"https:\/\/www.ulusiada.pt\/clima\/ius-proprium-leis-gerais\/d-dinis\/lei-da-ordem-do-juizo\/","title":{"rendered":"Lei da ordem do ju\u00edzo"},"content":{"rendered":"<p>Lei que determina que n\u00e3o se atendam os advogados das partes depois de marcada a leitura da senten\u00e7a.<\/p>\n","protected":false},"excerpt":{"rendered":"<p>Lei que determina que n\u00e3o se atendam os advogados das partes depois de marcada a leitura da senten\u00e7a.<\/p>\n","protected":false},"author":1,"featured_media":0,"parent":94,"menu_order":112,"comment_status":"closed","ping_status":"open","template":"lei-page.php","meta":[],"acf":[],"_links":{"self":[{"href":"https:\/\/www.ulusiada.pt\/clima\/wp-json\/wp\/v2\/pages\/2414"}],"collection":[{"href":"https:\/\/www.ulusiada.pt\/clima\/wp-json\/wp\/v2\/pages"}],"about":[{"href":"https:\/\/www.ulusiada.pt\/clima\/wp-json\/wp\/v2\/types\/page"}],"author":[{"embeddable":true,"href":"https:\/\/www.ulusiada.pt\/clima\/wp-json\/wp\/v2\/users\/1"}],"replies":[{"embeddable":true,"href":"https:\/\/www.ulusiada.pt\/clima\/wp-json\/wp\/v2\/comments?post=2414"}],"version-history":[{"count":3,"href":"https:\/\/www.ulusiada.pt\/clima\/wp-json\/wp\/v2\/pages\/2414\/revisions"}],"predecessor-version":[{"id":2416,"href":"https:\/\/www.ulusiada.pt\/clima\/wp-json\/wp\/v2\/pages\/2414\/revisions\/2416"}],"up":[{"embeddable":true,"href":"https:\/\/www.ulusiada.pt\/clima\/wp-json\/wp\/v2\/pages\/94"}],"wp:attachment":[{"href":"https:\/\/www.ulusiada.pt\/clima\/wp-json\/wp\/v2\/media?parent=2414"}],"curies":[{"name":"wp","href":"https:\/\/api.w.org\/{rel}","templated":true}]}}