{"id":2798,"date":"2012-10-03T15:53:52","date_gmt":"2012-10-03T15:53:52","guid":{"rendered":"http:\/\/www.ulusiada.pt\/clima\/?page_id=2798"},"modified":"2013-08-17T15:38:08","modified_gmt":"2013-08-17T15:38:08","slug":"lei-do-monetagio","status":"publish","type":"page","link":"https:\/\/www.ulusiada.pt\/clima\/ius-proprium-leis-gerais\/d-afonso-iii\/lei-do-monetagio\/","title":{"rendered":"Lei do monet\u00e1gio"},"content":{"rendered":"<p>Lei sobre a n\u00e3o exig\u00eancia do monet\u00e1gio. O monarca jura n\u00e3o vender, nem baixar moeda, nem pedir, nem levar mais que os monarcas antecessores.<\/p>\n","protected":false},"excerpt":{"rendered":"<p>Lei sobre a n\u00e3o exig\u00eancia do monet\u00e1gio. O monarca jura n\u00e3o vender, nem baixar moeda, nem pedir, nem levar mais que os monarcas antecessores.<\/p>\n","protected":false},"author":1,"featured_media":0,"parent":91,"menu_order":4,"comment_status":"closed","ping_status":"open","template":"lei-page.php","meta":[],"acf":[],"_links":{"self":[{"href":"https:\/\/www.ulusiada.pt\/clima\/wp-json\/wp\/v2\/pages\/2798"}],"collection":[{"href":"https:\/\/www.ulusiada.pt\/clima\/wp-json\/wp\/v2\/pages"}],"about":[{"href":"https:\/\/www.ulusiada.pt\/clima\/wp-json\/wp\/v2\/types\/page"}],"author":[{"embeddable":true,"href":"https:\/\/www.ulusiada.pt\/clima\/wp-json\/wp\/v2\/users\/1"}],"replies":[{"embeddable":true,"href":"https:\/\/www.ulusiada.pt\/clima\/wp-json\/wp\/v2\/comments?post=2798"}],"version-history":[{"count":9,"href":"https:\/\/www.ulusiada.pt\/clima\/wp-json\/wp\/v2\/pages\/2798\/revisions"}],"predecessor-version":[{"id":2800,"href":"https:\/\/www.ulusiada.pt\/clima\/wp-json\/wp\/v2\/pages\/2798\/revisions\/2800"}],"up":[{"embeddable":true,"href":"https:\/\/www.ulusiada.pt\/clima\/wp-json\/wp\/v2\/pages\/91"}],"wp:attachment":[{"href":"https:\/\/www.ulusiada.pt\/clima\/wp-json\/wp\/v2\/media?parent=2798"}],"curies":[{"name":"wp","href":"https:\/\/api.w.org\/{rel}","templated":true}]}}