{"id":2808,"date":"2012-10-03T16:20:26","date_gmt":"2012-10-03T16:20:26","guid":{"rendered":"http:\/\/www.ulusiada.pt\/clima\/?page_id=2808"},"modified":"2013-08-16T13:30:55","modified_gmt":"2013-08-16T13:30:55","slug":"lei-da-cobranca-do-montado","status":"publish","type":"page","link":"https:\/\/www.ulusiada.pt\/clima\/ius-proprium-leis-gerais\/d-afonso-iii\/lei-da-cobranca-do-montado\/","title":{"rendered":"Lei da cobran\u00e7a do montado"},"content":{"rendered":"<p>Lei dirigida aos mestres e dirigentes das ordens militares, defendendo a popula\u00e7\u00e3o contra os excessos na cobran\u00e7a do direito de montado e portagem.<\/p>\n","protected":false},"excerpt":{"rendered":"<p>Lei dirigida aos mestres e dirigentes das ordens militares, defendendo a popula\u00e7\u00e3o contra os excessos na cobran\u00e7a do direito de montado e portagem.<\/p>\n","protected":false},"author":1,"featured_media":0,"parent":91,"menu_order":9,"comment_status":"closed","ping_status":"open","template":"lei-page.php","meta":[],"acf":[],"_links":{"self":[{"href":"https:\/\/www.ulusiada.pt\/clima\/wp-json\/wp\/v2\/pages\/2808"}],"collection":[{"href":"https:\/\/www.ulusiada.pt\/clima\/wp-json\/wp\/v2\/pages"}],"about":[{"href":"https:\/\/www.ulusiada.pt\/clima\/wp-json\/wp\/v2\/types\/page"}],"author":[{"embeddable":true,"href":"https:\/\/www.ulusiada.pt\/clima\/wp-json\/wp\/v2\/users\/1"}],"replies":[{"embeddable":true,"href":"https:\/\/www.ulusiada.pt\/clima\/wp-json\/wp\/v2\/comments?post=2808"}],"version-history":[{"count":8,"href":"https:\/\/www.ulusiada.pt\/clima\/wp-json\/wp\/v2\/pages\/2808\/revisions"}],"predecessor-version":[{"id":2810,"href":"https:\/\/www.ulusiada.pt\/clima\/wp-json\/wp\/v2\/pages\/2808\/revisions\/2810"}],"up":[{"embeddable":true,"href":"https:\/\/www.ulusiada.pt\/clima\/wp-json\/wp\/v2\/pages\/91"}],"wp:attachment":[{"href":"https:\/\/www.ulusiada.pt\/clima\/wp-json\/wp\/v2\/media?parent=2808"}],"curies":[{"name":"wp","href":"https:\/\/api.w.org\/{rel}","templated":true}]}}