{"id":296,"date":"2012-03-31T15:16:14","date_gmt":"2012-03-31T15:16:14","guid":{"rendered":"http:\/\/www.ulusiada.pt\/clima\/?page_id=296"},"modified":"2012-05-02T17:26:32","modified_gmt":"2012-05-02T17:26:32","slug":"lei-do-torto","status":"publish","type":"page","link":"https:\/\/www.ulusiada.pt\/clima\/ius-proprium-leis-gerais\/d-afonso-ii\/lei-do-torto\/","title":{"rendered":"Lei do torto."},"content":{"rendered":"<p>Lei na qual se pro\u00edbe o corte de vinhas, \u00e1rvores, a queima de casas ou destrui\u00e7\u00e3o de outros bens, por causa de eventual torto, desde que o que fez esse torto, ou dizem que o fez, d\u00ea bons fiadores ou outro recado para estar a ju\u00edzo.<\/p>\n","protected":false},"excerpt":{"rendered":"<p>Lei na qual se pro\u00edbe o corte de vinhas, \u00e1rvores, a queima de casas ou destrui\u00e7\u00e3o de outros bens, por causa de eventual torto, desde que o que fez esse torto, ou dizem que o fez, d\u00ea bons fiadores ou &hellip; <a href=\"https:\/\/www.ulusiada.pt\/clima\/ius-proprium-leis-gerais\/d-afonso-ii\/lei-do-torto\/\">Continuar a ler <span class=\"meta-nav\">&rarr;<\/span><\/a><\/p>\n","protected":false},"author":1,"featured_media":0,"parent":78,"menu_order":6,"comment_status":"closed","ping_status":"open","template":"lei-page.php","meta":[],"acf":[],"_links":{"self":[{"href":"https:\/\/www.ulusiada.pt\/clima\/wp-json\/wp\/v2\/pages\/296"}],"collection":[{"href":"https:\/\/www.ulusiada.pt\/clima\/wp-json\/wp\/v2\/pages"}],"about":[{"href":"https:\/\/www.ulusiada.pt\/clima\/wp-json\/wp\/v2\/types\/page"}],"author":[{"embeddable":true,"href":"https:\/\/www.ulusiada.pt\/clima\/wp-json\/wp\/v2\/users\/1"}],"replies":[{"embeddable":true,"href":"https:\/\/www.ulusiada.pt\/clima\/wp-json\/wp\/v2\/comments?post=296"}],"version-history":[{"count":2,"href":"https:\/\/www.ulusiada.pt\/clima\/wp-json\/wp\/v2\/pages\/296\/revisions"}],"predecessor-version":[{"id":1101,"href":"https:\/\/www.ulusiada.pt\/clima\/wp-json\/wp\/v2\/pages\/296\/revisions\/1101"}],"up":[{"embeddable":true,"href":"https:\/\/www.ulusiada.pt\/clima\/wp-json\/wp\/v2\/pages\/78"}],"wp:attachment":[{"href":"https:\/\/www.ulusiada.pt\/clima\/wp-json\/wp\/v2\/media?parent=296"}],"curies":[{"name":"wp","href":"https:\/\/api.w.org\/{rel}","templated":true}]}}