{"id":3038,"date":"2012-10-21T11:03:06","date_gmt":"2012-10-21T11:03:06","guid":{"rendered":"http:\/\/www.ulusiada.pt\/clima\/?page_id=3038"},"modified":"2013-08-13T15:54:18","modified_gmt":"2013-08-13T15:54:18","slug":"lei-da-citacao","status":"publish","type":"page","link":"https:\/\/www.ulusiada.pt\/clima\/ius-proprium-leis-gerais\/d-afonso-iii\/lei-da-citacao\/","title":{"rendered":"Lei da cita\u00e7\u00e3o"},"content":{"rendered":"<p>Lei que determina que n\u00e3o seja obrigado ningu\u00e9m a responder a uma terceira cita\u00e7\u00e3o de pleito se o autor n\u00e3o compareceu nas duas primeiras, comparecendo apenas o citado; para responder \u00e0 segunda cita\u00e7\u00e3o sejam-lhe pagas as custas da primeira.<\/p>\n","protected":false},"excerpt":{"rendered":"<p>Lei que determina que n\u00e3o seja obrigado ningu\u00e9m a responder a uma terceira cita\u00e7\u00e3o de pleito se o autor n\u00e3o compareceu nas duas primeiras, comparecendo apenas o citado; para responder \u00e0 segunda cita\u00e7\u00e3o sejam-lhe pagas as custas da primeira.<\/p>\n","protected":false},"author":1,"featured_media":0,"parent":91,"menu_order":35,"comment_status":"closed","ping_status":"open","template":"lei-page.php","meta":[],"acf":[],"_links":{"self":[{"href":"https:\/\/www.ulusiada.pt\/clima\/wp-json\/wp\/v2\/pages\/3038"}],"collection":[{"href":"https:\/\/www.ulusiada.pt\/clima\/wp-json\/wp\/v2\/pages"}],"about":[{"href":"https:\/\/www.ulusiada.pt\/clima\/wp-json\/wp\/v2\/types\/page"}],"author":[{"embeddable":true,"href":"https:\/\/www.ulusiada.pt\/clima\/wp-json\/wp\/v2\/users\/1"}],"replies":[{"embeddable":true,"href":"https:\/\/www.ulusiada.pt\/clima\/wp-json\/wp\/v2\/comments?post=3038"}],"version-history":[{"count":4,"href":"https:\/\/www.ulusiada.pt\/clima\/wp-json\/wp\/v2\/pages\/3038\/revisions"}],"predecessor-version":[{"id":3040,"href":"https:\/\/www.ulusiada.pt\/clima\/wp-json\/wp\/v2\/pages\/3038\/revisions\/3040"}],"up":[{"embeddable":true,"href":"https:\/\/www.ulusiada.pt\/clima\/wp-json\/wp\/v2\/pages\/91"}],"wp:attachment":[{"href":"https:\/\/www.ulusiada.pt\/clima\/wp-json\/wp\/v2\/media?parent=3038"}],"curies":[{"name":"wp","href":"https:\/\/api.w.org\/{rel}","templated":true}]}}