{"id":3080,"date":"2012-10-21T14:35:11","date_gmt":"2012-10-21T14:35:11","guid":{"rendered":"http:\/\/www.ulusiada.pt\/clima\/?page_id=3080"},"modified":"2013-08-13T16:05:51","modified_gmt":"2013-08-13T16:05:51","slug":"lei-da-substituicao-de-juiz","status":"publish","type":"page","link":"https:\/\/www.ulusiada.pt\/clima\/ius-proprium-leis-gerais\/d-afonso-iii\/lei-da-substituicao-de-juiz\/","title":{"rendered":"Lei da substitui\u00e7\u00e3o de juiz"},"content":{"rendered":"<p>Lei sobre a substitui\u00e7\u00e3o do juiz, durante o curso do pleito, por morte ou remo\u00e7\u00e3o de juiz anterior.<\/p>\n","protected":false},"excerpt":{"rendered":"<p>Lei sobre a substitui\u00e7\u00e3o do juiz, durante o curso do pleito, por morte ou remo\u00e7\u00e3o de juiz anterior.<\/p>\n","protected":false},"author":1,"featured_media":0,"parent":91,"menu_order":44,"comment_status":"closed","ping_status":"open","template":"lei-page.php","meta":[],"acf":[],"_links":{"self":[{"href":"https:\/\/www.ulusiada.pt\/clima\/wp-json\/wp\/v2\/pages\/3080"}],"collection":[{"href":"https:\/\/www.ulusiada.pt\/clima\/wp-json\/wp\/v2\/pages"}],"about":[{"href":"https:\/\/www.ulusiada.pt\/clima\/wp-json\/wp\/v2\/types\/page"}],"author":[{"embeddable":true,"href":"https:\/\/www.ulusiada.pt\/clima\/wp-json\/wp\/v2\/users\/1"}],"replies":[{"embeddable":true,"href":"https:\/\/www.ulusiada.pt\/clima\/wp-json\/wp\/v2\/comments?post=3080"}],"version-history":[{"count":4,"href":"https:\/\/www.ulusiada.pt\/clima\/wp-json\/wp\/v2\/pages\/3080\/revisions"}],"predecessor-version":[{"id":3082,"href":"https:\/\/www.ulusiada.pt\/clima\/wp-json\/wp\/v2\/pages\/3080\/revisions\/3082"}],"up":[{"embeddable":true,"href":"https:\/\/www.ulusiada.pt\/clima\/wp-json\/wp\/v2\/pages\/91"}],"wp:attachment":[{"href":"https:\/\/www.ulusiada.pt\/clima\/wp-json\/wp\/v2\/media?parent=3080"}],"curies":[{"name":"wp","href":"https:\/\/api.w.org\/{rel}","templated":true}]}}