{"id":3326,"date":"2013-08-01T13:37:37","date_gmt":"2013-08-01T13:37:37","guid":{"rendered":"http:\/\/www.ulusiada.pt\/clima\/?page_id=3326"},"modified":"2013-08-01T13:37:37","modified_gmt":"2013-08-01T13:37:37","slug":"lei-dos-orfaos","status":"publish","type":"page","link":"https:\/\/www.ulusiada.pt\/clima\/ius-proprium-leis-gerais\/d-afonso-iii\/lei-dos-orfaos\/","title":{"rendered":"Lei dos \u00f3rf\u00e3os"},"content":{"rendered":"<p>Lei que regula a tutoria e bens dos \u00f3rf\u00e3os, impondo que os alvazis ou ju\u00edzes d\u00eaem curadores e tutores aos \u00f3rf\u00e3os.<\/p>\n","protected":false},"excerpt":{"rendered":"<p>Lei que regula a tutoria e bens dos \u00f3rf\u00e3os, impondo que os alvazis ou ju\u00edzes d\u00eaem curadores e tutores aos \u00f3rf\u00e3os.<\/p>\n","protected":false},"author":1,"featured_media":0,"parent":91,"menu_order":90,"comment_status":"closed","ping_status":"open","template":"lei-page.php","meta":[],"acf":[],"_links":{"self":[{"href":"https:\/\/www.ulusiada.pt\/clima\/wp-json\/wp\/v2\/pages\/3326"}],"collection":[{"href":"https:\/\/www.ulusiada.pt\/clima\/wp-json\/wp\/v2\/pages"}],"about":[{"href":"https:\/\/www.ulusiada.pt\/clima\/wp-json\/wp\/v2\/types\/page"}],"author":[{"embeddable":true,"href":"https:\/\/www.ulusiada.pt\/clima\/wp-json\/wp\/v2\/users\/1"}],"replies":[{"embeddable":true,"href":"https:\/\/www.ulusiada.pt\/clima\/wp-json\/wp\/v2\/comments?post=3326"}],"version-history":[{"count":2,"href":"https:\/\/www.ulusiada.pt\/clima\/wp-json\/wp\/v2\/pages\/3326\/revisions"}],"predecessor-version":[{"id":3328,"href":"https:\/\/www.ulusiada.pt\/clima\/wp-json\/wp\/v2\/pages\/3326\/revisions\/3328"}],"up":[{"embeddable":true,"href":"https:\/\/www.ulusiada.pt\/clima\/wp-json\/wp\/v2\/pages\/91"}],"wp:attachment":[{"href":"https:\/\/www.ulusiada.pt\/clima\/wp-json\/wp\/v2\/media?parent=3326"}],"curies":[{"name":"wp","href":"https:\/\/api.w.org\/{rel}","templated":true}]}}