{"id":3382,"date":"2013-08-02T09:43:16","date_gmt":"2013-08-02T09:43:16","guid":{"rendered":"http:\/\/www.ulusiada.pt\/clima\/?page_id=3382"},"modified":"2013-08-02T09:48:39","modified_gmt":"2013-08-02T09:48:39","slug":"lei-dos-procuradores-em-casa-de-el-rei","status":"publish","type":"page","link":"https:\/\/www.ulusiada.pt\/clima\/ius-proprium-leis-gerais\/d-afonso-iii\/lei-dos-procuradores-em-casa-de-el-rei\/","title":{"rendered":"Lei dos procuradores em casa de el-rei"},"content":{"rendered":"<p>Lei que define os casos em que o morador em casa de el-rei pode ser procurador por outrem: que nenhum morador da Casa de el-rei, nem nenhum outro que tenha ra\u00e7\u00e3o sua, seja procurador por outro na sua corte, salvo se este tiver ra\u00e7\u00e3o de el-rei ou for morador em sua Casa, se lho el-rei conceder por gra\u00e7a.<\/p>\n","protected":false},"excerpt":{"rendered":"<p>Lei que define os casos em que o morador em casa de el-rei pode ser procurador por outrem: que nenhum morador da Casa de el-rei, nem nenhum outro que tenha ra\u00e7\u00e3o sua, seja procurador por outro na sua corte, salvo &hellip; <a href=\"https:\/\/www.ulusiada.pt\/clima\/ius-proprium-leis-gerais\/d-afonso-iii\/lei-dos-procuradores-em-casa-de-el-rei\/\">Continuar a ler <span class=\"meta-nav\">&rarr;<\/span><\/a><\/p>\n","protected":false},"author":1,"featured_media":0,"parent":91,"menu_order":105,"comment_status":"closed","ping_status":"open","template":"lei-page.php","meta":[],"acf":[],"_links":{"self":[{"href":"https:\/\/www.ulusiada.pt\/clima\/wp-json\/wp\/v2\/pages\/3382"}],"collection":[{"href":"https:\/\/www.ulusiada.pt\/clima\/wp-json\/wp\/v2\/pages"}],"about":[{"href":"https:\/\/www.ulusiada.pt\/clima\/wp-json\/wp\/v2\/types\/page"}],"author":[{"embeddable":true,"href":"https:\/\/www.ulusiada.pt\/clima\/wp-json\/wp\/v2\/users\/1"}],"replies":[{"embeddable":true,"href":"https:\/\/www.ulusiada.pt\/clima\/wp-json\/wp\/v2\/comments?post=3382"}],"version-history":[{"count":4,"href":"https:\/\/www.ulusiada.pt\/clima\/wp-json\/wp\/v2\/pages\/3382\/revisions"}],"predecessor-version":[{"id":3384,"href":"https:\/\/www.ulusiada.pt\/clima\/wp-json\/wp\/v2\/pages\/3382\/revisions\/3384"}],"up":[{"embeddable":true,"href":"https:\/\/www.ulusiada.pt\/clima\/wp-json\/wp\/v2\/pages\/91"}],"wp:attachment":[{"href":"https:\/\/www.ulusiada.pt\/clima\/wp-json\/wp\/v2\/media?parent=3382"}],"curies":[{"name":"wp","href":"https:\/\/api.w.org\/{rel}","templated":true}]}}