{"id":339,"date":"2012-04-01T10:33:40","date_gmt":"2012-04-01T10:33:40","guid":{"rendered":"http:\/\/www.ulusiada.pt\/clima\/?page_id=339"},"modified":"2012-05-02T17:31:25","modified_gmt":"2012-05-02T17:31:25","slug":"lei-da-vindicta-privata","status":"publish","type":"page","link":"https:\/\/www.ulusiada.pt\/clima\/ius-proprium-leis-gerais\/d-afonso-ii\/lei-da-vindicta-privata\/","title":{"rendered":"Lei da vindicta privata"},"content":{"rendered":"<p>Lei que estabelece as regras para que sejam findos os <em>homizios<\/em> por <em>vindicta privata<\/em>: (i) homizio come\u00e7ado por morte valha por homizio consumado da outra parte, se houver mais valor que seja demandado por a\u00e7outes ou por qualquer outro direito perante o rei ou as justi\u00e7as r\u00e9gias, sendo findo o homizio; (ii) se o homizio for come\u00e7ado por morte e n\u00e3o houver morto ou equivalente da outra parte, volvido um ano, escolham apenas um daqueles que dizem que fez o homizio e todo os outros sejam isentos desse homizio; (iii) se o homizio n\u00e3o for come\u00e7ado por morte, o que recebeu desonrra recorra a fiadores de direito e compare\u00e7a perante o rei ou as suas justi\u00e7as e o homizio seja findo. Os que assim n\u00e3o cumprissem pagariam quinhentos soldos de ouro e ficariam sujeitos a expuls\u00e3o da terra.<\/p>\n","protected":false},"excerpt":{"rendered":"<p>Lei que estabelece as regras para que sejam findos os homizios por vindicta privata: (i) homizio come\u00e7ado por morte valha por homizio consumado da outra parte, se houver mais valor que seja demandado por a\u00e7outes ou por qualquer outro direito &hellip; <a href=\"https:\/\/www.ulusiada.pt\/clima\/ius-proprium-leis-gerais\/d-afonso-ii\/lei-da-vindicta-privata\/\">Continuar a ler <span class=\"meta-nav\">&rarr;<\/span><\/a><\/p>\n","protected":false},"author":1,"featured_media":0,"parent":78,"menu_order":14,"comment_status":"closed","ping_status":"open","template":"lei-page.php","meta":[],"acf":[],"_links":{"self":[{"href":"https:\/\/www.ulusiada.pt\/clima\/wp-json\/wp\/v2\/pages\/339"}],"collection":[{"href":"https:\/\/www.ulusiada.pt\/clima\/wp-json\/wp\/v2\/pages"}],"about":[{"href":"https:\/\/www.ulusiada.pt\/clima\/wp-json\/wp\/v2\/types\/page"}],"author":[{"embeddable":true,"href":"https:\/\/www.ulusiada.pt\/clima\/wp-json\/wp\/v2\/users\/1"}],"replies":[{"embeddable":true,"href":"https:\/\/www.ulusiada.pt\/clima\/wp-json\/wp\/v2\/comments?post=339"}],"version-history":[{"count":2,"href":"https:\/\/www.ulusiada.pt\/clima\/wp-json\/wp\/v2\/pages\/339\/revisions"}],"predecessor-version":[{"id":1116,"href":"https:\/\/www.ulusiada.pt\/clima\/wp-json\/wp\/v2\/pages\/339\/revisions\/1116"}],"up":[{"embeddable":true,"href":"https:\/\/www.ulusiada.pt\/clima\/wp-json\/wp\/v2\/pages\/78"}],"wp:attachment":[{"href":"https:\/\/www.ulusiada.pt\/clima\/wp-json\/wp\/v2\/media?parent=339"}],"curies":[{"name":"wp","href":"https:\/\/api.w.org\/{rel}","templated":true}]}}