{"id":3414,"date":"2013-08-02T11:05:30","date_gmt":"2013-08-02T11:05:30","guid":{"rendered":"http:\/\/www.ulusiada.pt\/clima\/?page_id=3414"},"modified":"2013-09-16T10:28:59","modified_gmt":"2013-09-16T10:28:59","slug":"estilo-da-corte-contra-a-citacao-na-corte","status":"publish","type":"page","link":"https:\/\/www.ulusiada.pt\/clima\/ius-proprium-costumes-e-estilos-da-corte\/tribunal-da-corte\/estilo-da-corte-contra-a-citacao-na-corte\/","title":{"rendered":"Estilo da corte contra a cita\u00e7\u00e3o na Corte"},"content":{"rendered":"<p>Estilo da corte\u00a0(<em>Costume he en casa delRey<\/em>)\u00a0que impede que o advers\u00e1rio possa ser citado no tribunal da corte s\u00f3 por se encontrar a\u00ed, impondo que se volva ao seu juiz.<\/p>\n","protected":false},"excerpt":{"rendered":"<p>Estilo da corte\u00a0(Costume he en casa delRey)\u00a0que impede que o advers\u00e1rio possa ser citado no tribunal da corte s\u00f3 por se encontrar a\u00ed, impondo que se volva ao seu juiz.<\/p>\n","protected":false},"author":1,"featured_media":0,"parent":4184,"menu_order":0,"comment_status":"closed","ping_status":"open","template":"lei-page.php","meta":[],"acf":[],"_links":{"self":[{"href":"https:\/\/www.ulusiada.pt\/clima\/wp-json\/wp\/v2\/pages\/3414"}],"collection":[{"href":"https:\/\/www.ulusiada.pt\/clima\/wp-json\/wp\/v2\/pages"}],"about":[{"href":"https:\/\/www.ulusiada.pt\/clima\/wp-json\/wp\/v2\/types\/page"}],"author":[{"embeddable":true,"href":"https:\/\/www.ulusiada.pt\/clima\/wp-json\/wp\/v2\/users\/1"}],"replies":[{"embeddable":true,"href":"https:\/\/www.ulusiada.pt\/clima\/wp-json\/wp\/v2\/comments?post=3414"}],"version-history":[{"count":5,"href":"https:\/\/www.ulusiada.pt\/clima\/wp-json\/wp\/v2\/pages\/3414\/revisions"}],"predecessor-version":[{"id":3416,"href":"https:\/\/www.ulusiada.pt\/clima\/wp-json\/wp\/v2\/pages\/3414\/revisions\/3416"}],"up":[{"embeddable":true,"href":"https:\/\/www.ulusiada.pt\/clima\/wp-json\/wp\/v2\/pages\/4184"}],"wp:attachment":[{"href":"https:\/\/www.ulusiada.pt\/clima\/wp-json\/wp\/v2\/media?parent=3414"}],"curies":[{"name":"wp","href":"https:\/\/api.w.org\/{rel}","templated":true}]}}