{"id":3417,"date":"2013-08-02T11:09:55","date_gmt":"2013-08-02T11:09:55","guid":{"rendered":"http:\/\/www.ulusiada.pt\/clima\/?page_id=3417"},"modified":"2013-09-16T11:12:03","modified_gmt":"2013-09-16T11:12:03","slug":"costume-dos-emolumentos-da-citacao","status":"publish","type":"page","link":"https:\/\/www.ulusiada.pt\/clima\/ius-proprium-costumes-e-estilos-da-corte\/tribunal-da-corte\/costume-dos-emolumentos-da-citacao\/","title":{"rendered":"Costume dos emolumentos da cita\u00e7\u00e3o"},"content":{"rendered":"<p>Costume (<em>Costume he<\/em>)\u00a0e determina\u00e7\u00e3o dos emolumentos das cartas citat\u00f3rias: cinco soldos para citar quatro pessoas, se morarem no mesmo julgado, ou cinco soldos por cada uma, se morarem em julgados distintos.<\/p>\n","protected":false},"excerpt":{"rendered":"<p>Costume (Costume he)\u00a0e determina\u00e7\u00e3o dos emolumentos das cartas citat\u00f3rias: cinco soldos para citar quatro pessoas, se morarem no mesmo julgado, ou cinco soldos por cada uma, se morarem em julgados distintos.<\/p>\n","protected":false},"author":1,"featured_media":0,"parent":4184,"menu_order":1,"comment_status":"closed","ping_status":"open","template":"lei-page.php","meta":[],"acf":[],"_links":{"self":[{"href":"https:\/\/www.ulusiada.pt\/clima\/wp-json\/wp\/v2\/pages\/3417"}],"collection":[{"href":"https:\/\/www.ulusiada.pt\/clima\/wp-json\/wp\/v2\/pages"}],"about":[{"href":"https:\/\/www.ulusiada.pt\/clima\/wp-json\/wp\/v2\/types\/page"}],"author":[{"embeddable":true,"href":"https:\/\/www.ulusiada.pt\/clima\/wp-json\/wp\/v2\/users\/1"}],"replies":[{"embeddable":true,"href":"https:\/\/www.ulusiada.pt\/clima\/wp-json\/wp\/v2\/comments?post=3417"}],"version-history":[{"count":4,"href":"https:\/\/www.ulusiada.pt\/clima\/wp-json\/wp\/v2\/pages\/3417\/revisions"}],"predecessor-version":[{"id":3993,"href":"https:\/\/www.ulusiada.pt\/clima\/wp-json\/wp\/v2\/pages\/3417\/revisions\/3993"}],"up":[{"embeddable":true,"href":"https:\/\/www.ulusiada.pt\/clima\/wp-json\/wp\/v2\/pages\/4184"}],"wp:attachment":[{"href":"https:\/\/www.ulusiada.pt\/clima\/wp-json\/wp\/v2\/media?parent=3417"}],"curies":[{"name":"wp","href":"https:\/\/api.w.org\/{rel}","templated":true}]}}