{"id":345,"date":"2012-04-01T10:46:30","date_gmt":"2012-04-01T10:46:30","guid":{"rendered":"http:\/\/www.ulusiada.pt\/clima\/?page_id=345"},"modified":"2013-08-07T14:22:14","modified_gmt":"2013-08-07T14:22:14","slug":"lei-da-violencia-privada","status":"publish","type":"page","link":"https:\/\/www.ulusiada.pt\/clima\/ius-proprium-leis-gerais\/d-afonso-ii\/lei-da-violencia-privada\/","title":{"rendered":"Lei da viol\u00eancia privada"},"content":{"rendered":"<p>Lei sobre o esbulho ou posse violenta, para que n\u00e3o se fa\u00e7a penhor nem filhe posse de cousa se n\u00e3o se conseguir provar a qualidade de devedor ou fiador, sob coima de quinhentos soldos e emendar o dano ao lesado.<\/p>\n","protected":false},"excerpt":{"rendered":"<p>Lei sobre o esbulho ou posse violenta, para que n\u00e3o se fa\u00e7a penhor nem filhe posse de cousa se n\u00e3o se conseguir provar a qualidade de devedor ou fiador, sob coima de quinhentos soldos e emendar o dano ao lesado.<\/p>\n","protected":false},"author":1,"featured_media":0,"parent":78,"menu_order":16,"comment_status":"closed","ping_status":"open","template":"lei-page.php","meta":[],"acf":[],"_links":{"self":[{"href":"https:\/\/www.ulusiada.pt\/clima\/wp-json\/wp\/v2\/pages\/345"}],"collection":[{"href":"https:\/\/www.ulusiada.pt\/clima\/wp-json\/wp\/v2\/pages"}],"about":[{"href":"https:\/\/www.ulusiada.pt\/clima\/wp-json\/wp\/v2\/types\/page"}],"author":[{"embeddable":true,"href":"https:\/\/www.ulusiada.pt\/clima\/wp-json\/wp\/v2\/users\/1"}],"replies":[{"embeddable":true,"href":"https:\/\/www.ulusiada.pt\/clima\/wp-json\/wp\/v2\/comments?post=345"}],"version-history":[{"count":5,"href":"https:\/\/www.ulusiada.pt\/clima\/wp-json\/wp\/v2\/pages\/345\/revisions"}],"predecessor-version":[{"id":1120,"href":"https:\/\/www.ulusiada.pt\/clima\/wp-json\/wp\/v2\/pages\/345\/revisions\/1120"}],"up":[{"embeddable":true,"href":"https:\/\/www.ulusiada.pt\/clima\/wp-json\/wp\/v2\/pages\/78"}],"wp:attachment":[{"href":"https:\/\/www.ulusiada.pt\/clima\/wp-json\/wp\/v2\/media?parent=345"}],"curies":[{"name":"wp","href":"https:\/\/api.w.org\/{rel}","templated":true}]}}