{"id":3457,"date":"2013-08-02T13:20:41","date_gmt":"2013-08-02T13:20:41","guid":{"rendered":"http:\/\/www.ulusiada.pt\/clima\/?page_id=3457"},"modified":"2013-08-02T13:20:41","modified_gmt":"2013-08-02T13:20:41","slug":"lei-sobre-prazo-de-tres-dias-2","status":"publish","type":"page","link":"https:\/\/www.ulusiada.pt\/clima\/ius-proprium-leis-gerais\/d-afonso-iii\/lei-sobre-prazo-de-tres-dias-2\/","title":{"rendered":"Lei sobre prazo de tr\u00eas dias"},"content":{"rendered":"<p>Lei sobre os casos que t\u00eam direito a prazo de tr\u00eas dias e os que n\u00e3o.<\/p>\n","protected":false},"excerpt":{"rendered":"<p>Lei sobre os casos que t\u00eam direito a prazo de tr\u00eas dias e os que n\u00e3o.<\/p>\n","protected":false},"author":1,"featured_media":0,"parent":91,"menu_order":125,"comment_status":"closed","ping_status":"open","template":"lei-page.php","meta":[],"acf":[],"_links":{"self":[{"href":"https:\/\/www.ulusiada.pt\/clima\/wp-json\/wp\/v2\/pages\/3457"}],"collection":[{"href":"https:\/\/www.ulusiada.pt\/clima\/wp-json\/wp\/v2\/pages"}],"about":[{"href":"https:\/\/www.ulusiada.pt\/clima\/wp-json\/wp\/v2\/types\/page"}],"author":[{"embeddable":true,"href":"https:\/\/www.ulusiada.pt\/clima\/wp-json\/wp\/v2\/users\/1"}],"replies":[{"embeddable":true,"href":"https:\/\/www.ulusiada.pt\/clima\/wp-json\/wp\/v2\/comments?post=3457"}],"version-history":[{"count":2,"href":"https:\/\/www.ulusiada.pt\/clima\/wp-json\/wp\/v2\/pages\/3457\/revisions"}],"predecessor-version":[{"id":3459,"href":"https:\/\/www.ulusiada.pt\/clima\/wp-json\/wp\/v2\/pages\/3457\/revisions\/3459"}],"up":[{"embeddable":true,"href":"https:\/\/www.ulusiada.pt\/clima\/wp-json\/wp\/v2\/pages\/91"}],"wp:attachment":[{"href":"https:\/\/www.ulusiada.pt\/clima\/wp-json\/wp\/v2\/media?parent=3457"}],"curies":[{"name":"wp","href":"https:\/\/api.w.org\/{rel}","templated":true}]}}