{"id":3489,"date":"2013-08-02T14:14:16","date_gmt":"2013-08-02T14:14:16","guid":{"rendered":"http:\/\/www.ulusiada.pt\/clima\/?page_id=3489"},"modified":"2013-08-02T14:14:16","modified_gmt":"2013-08-02T14:14:16","slug":"lei-do-juramento-em-juizo","status":"publish","type":"page","link":"https:\/\/www.ulusiada.pt\/clima\/ius-proprium-leis-gerais\/d-afonso-iii\/lei-do-juramento-em-juizo\/","title":{"rendered":"Lei do juramento em ju\u00edzo"},"content":{"rendered":"<p>Lei sobre os juramentos, impondo que ningu\u00e9m seja acreditado na demanda se n\u00e3o jurar sobre os Evangelhos.<\/p>\n","protected":false},"excerpt":{"rendered":"<p>Lei sobre os juramentos, impondo que ningu\u00e9m seja acreditado na demanda se n\u00e3o jurar sobre os Evangelhos.<\/p>\n","protected":false},"author":1,"featured_media":0,"parent":91,"menu_order":136,"comment_status":"closed","ping_status":"open","template":"lei-page.php","meta":[],"acf":[],"_links":{"self":[{"href":"https:\/\/www.ulusiada.pt\/clima\/wp-json\/wp\/v2\/pages\/3489"}],"collection":[{"href":"https:\/\/www.ulusiada.pt\/clima\/wp-json\/wp\/v2\/pages"}],"about":[{"href":"https:\/\/www.ulusiada.pt\/clima\/wp-json\/wp\/v2\/types\/page"}],"author":[{"embeddable":true,"href":"https:\/\/www.ulusiada.pt\/clima\/wp-json\/wp\/v2\/users\/1"}],"replies":[{"embeddable":true,"href":"https:\/\/www.ulusiada.pt\/clima\/wp-json\/wp\/v2\/comments?post=3489"}],"version-history":[{"count":2,"href":"https:\/\/www.ulusiada.pt\/clima\/wp-json\/wp\/v2\/pages\/3489\/revisions"}],"predecessor-version":[{"id":3491,"href":"https:\/\/www.ulusiada.pt\/clima\/wp-json\/wp\/v2\/pages\/3489\/revisions\/3491"}],"up":[{"embeddable":true,"href":"https:\/\/www.ulusiada.pt\/clima\/wp-json\/wp\/v2\/pages\/91"}],"wp:attachment":[{"href":"https:\/\/www.ulusiada.pt\/clima\/wp-json\/wp\/v2\/media?parent=3489"}],"curies":[{"name":"wp","href":"https:\/\/api.w.org\/{rel}","templated":true}]}}