{"id":3516,"date":"2013-08-02T17:40:21","date_gmt":"2013-08-02T17:40:21","guid":{"rendered":"http:\/\/www.ulusiada.pt\/clima\/?page_id=3516"},"modified":"2013-09-16T11:20:33","modified_gmt":"2013-09-16T11:20:33","slug":"costume-do-prazo-de-apelacao-onde-esta-o-rei","status":"publish","type":"page","link":"https:\/\/www.ulusiada.pt\/clima\/ius-proprium-costumes-e-estilos-da-corte\/tribunal-da-corte\/costume-do-prazo-de-apelacao-onde-esta-o-rei\/","title":{"rendered":"Costume do prazo de apela\u00e7\u00e3o onde est\u00e1 o rei"},"content":{"rendered":"<p>Costume\u00a0(<em>E por costume<\/em>) que limita os prazos para apela\u00e7\u00f5es no lugar onde est\u00e1 el-rei.<\/p>\n","protected":false},"excerpt":{"rendered":"<p>Costume\u00a0(E por costume) que limita os prazos para apela\u00e7\u00f5es no lugar onde est\u00e1 el-rei.<\/p>\n","protected":false},"author":1,"featured_media":0,"parent":4184,"menu_order":1,"comment_status":"closed","ping_status":"open","template":"lei-page.php","meta":[],"acf":[],"_links":{"self":[{"href":"https:\/\/www.ulusiada.pt\/clima\/wp-json\/wp\/v2\/pages\/3516"}],"collection":[{"href":"https:\/\/www.ulusiada.pt\/clima\/wp-json\/wp\/v2\/pages"}],"about":[{"href":"https:\/\/www.ulusiada.pt\/clima\/wp-json\/wp\/v2\/types\/page"}],"author":[{"embeddable":true,"href":"https:\/\/www.ulusiada.pt\/clima\/wp-json\/wp\/v2\/users\/1"}],"replies":[{"embeddable":true,"href":"https:\/\/www.ulusiada.pt\/clima\/wp-json\/wp\/v2\/comments?post=3516"}],"version-history":[{"count":4,"href":"https:\/\/www.ulusiada.pt\/clima\/wp-json\/wp\/v2\/pages\/3516\/revisions"}],"predecessor-version":[{"id":3518,"href":"https:\/\/www.ulusiada.pt\/clima\/wp-json\/wp\/v2\/pages\/3516\/revisions\/3518"}],"up":[{"embeddable":true,"href":"https:\/\/www.ulusiada.pt\/clima\/wp-json\/wp\/v2\/pages\/4184"}],"wp:attachment":[{"href":"https:\/\/www.ulusiada.pt\/clima\/wp-json\/wp\/v2\/media?parent=3516"}],"curies":[{"name":"wp","href":"https:\/\/api.w.org\/{rel}","templated":true}]}}