{"id":3523,"date":"2013-08-02T18:24:17","date_gmt":"2013-08-02T18:24:17","guid":{"rendered":"http:\/\/www.ulusiada.pt\/clima\/?page_id=3523"},"modified":"2013-08-02T18:24:17","modified_gmt":"2013-08-02T18:24:17","slug":"lei-da-apelacao-3","status":"publish","type":"page","link":"https:\/\/www.ulusiada.pt\/clima\/ius-proprium-leis-gerais\/d-afonso-iii\/lei-da-apelacao-3\/","title":{"rendered":"Lei da apela\u00e7\u00e3o"},"content":{"rendered":"<p>Lei dos ju\u00edzes e de quem pode apelar ou n\u00e3o<em>, v. g.<\/em>, que os judeus n\u00e3o possam apelar da senten\u00e7a do seu Arabi-mor nem os mouros da do Alcaide dos Mouros.<\/p>\n","protected":false},"excerpt":{"rendered":"<p>Lei dos ju\u00edzes e de quem pode apelar ou n\u00e3o, v. g., que os judeus n\u00e3o possam apelar da senten\u00e7a do seu Arabi-mor nem os mouros da do Alcaide dos Mouros.<\/p>\n","protected":false},"author":1,"featured_media":0,"parent":91,"menu_order":147,"comment_status":"closed","ping_status":"open","template":"lei-page.php","meta":[],"acf":[],"_links":{"self":[{"href":"https:\/\/www.ulusiada.pt\/clima\/wp-json\/wp\/v2\/pages\/3523"}],"collection":[{"href":"https:\/\/www.ulusiada.pt\/clima\/wp-json\/wp\/v2\/pages"}],"about":[{"href":"https:\/\/www.ulusiada.pt\/clima\/wp-json\/wp\/v2\/types\/page"}],"author":[{"embeddable":true,"href":"https:\/\/www.ulusiada.pt\/clima\/wp-json\/wp\/v2\/users\/1"}],"replies":[{"embeddable":true,"href":"https:\/\/www.ulusiada.pt\/clima\/wp-json\/wp\/v2\/comments?post=3523"}],"version-history":[{"count":2,"href":"https:\/\/www.ulusiada.pt\/clima\/wp-json\/wp\/v2\/pages\/3523\/revisions"}],"predecessor-version":[{"id":3525,"href":"https:\/\/www.ulusiada.pt\/clima\/wp-json\/wp\/v2\/pages\/3523\/revisions\/3525"}],"up":[{"embeddable":true,"href":"https:\/\/www.ulusiada.pt\/clima\/wp-json\/wp\/v2\/pages\/91"}],"wp:attachment":[{"href":"https:\/\/www.ulusiada.pt\/clima\/wp-json\/wp\/v2\/media?parent=3523"}],"curies":[{"name":"wp","href":"https:\/\/api.w.org\/{rel}","templated":true}]}}