{"id":3532,"date":"2013-08-02T18:38:49","date_gmt":"2013-08-02T18:38:49","guid":{"rendered":"http:\/\/www.ulusiada.pt\/clima\/?page_id=3532"},"modified":"2013-09-16T10:35:27","modified_gmt":"2013-09-16T10:35:27","slug":"estilo-da-corte-sobre-apelacao-de-magistrados-superiores","status":"publish","type":"page","link":"https:\/\/www.ulusiada.pt\/clima\/ius-proprium-costumes-e-estilos-da-corte\/tribunal-da-corte\/estilo-da-corte-sobre-apelacao-de-magistrados-superiores\/","title":{"rendered":"Estilo da Corte sobre apela\u00e7\u00e3o de magistrados superiores"},"content":{"rendered":"<p>Estilo da Corte (<em>Costume he en casa dElRey<\/em>)\u00a0sobre apela\u00e7\u00e3o de senten\u00e7a dos sobreju\u00edzes aos Ju\u00edzes da apela\u00e7\u00e3o.<\/p>\n","protected":false},"excerpt":{"rendered":"<p>Estilo da Corte (Costume he en casa dElRey)\u00a0sobre apela\u00e7\u00e3o de senten\u00e7a dos sobreju\u00edzes aos Ju\u00edzes da apela\u00e7\u00e3o.<\/p>\n","protected":false},"author":1,"featured_media":0,"parent":4184,"menu_order":0,"comment_status":"closed","ping_status":"open","template":"lei-page.php","meta":[],"acf":[],"_links":{"self":[{"href":"https:\/\/www.ulusiada.pt\/clima\/wp-json\/wp\/v2\/pages\/3532"}],"collection":[{"href":"https:\/\/www.ulusiada.pt\/clima\/wp-json\/wp\/v2\/pages"}],"about":[{"href":"https:\/\/www.ulusiada.pt\/clima\/wp-json\/wp\/v2\/types\/page"}],"author":[{"embeddable":true,"href":"https:\/\/www.ulusiada.pt\/clima\/wp-json\/wp\/v2\/users\/1"}],"replies":[{"embeddable":true,"href":"https:\/\/www.ulusiada.pt\/clima\/wp-json\/wp\/v2\/comments?post=3532"}],"version-history":[{"count":6,"href":"https:\/\/www.ulusiada.pt\/clima\/wp-json\/wp\/v2\/pages\/3532\/revisions"}],"predecessor-version":[{"id":3534,"href":"https:\/\/www.ulusiada.pt\/clima\/wp-json\/wp\/v2\/pages\/3532\/revisions\/3534"}],"up":[{"embeddable":true,"href":"https:\/\/www.ulusiada.pt\/clima\/wp-json\/wp\/v2\/pages\/4184"}],"wp:attachment":[{"href":"https:\/\/www.ulusiada.pt\/clima\/wp-json\/wp\/v2\/media?parent=3532"}],"curies":[{"name":"wp","href":"https:\/\/api.w.org\/{rel}","templated":true}]}}