{"id":3535,"date":"2013-08-03T09:22:14","date_gmt":"2013-08-03T09:22:14","guid":{"rendered":"http:\/\/www.ulusiada.pt\/clima\/?page_id=3535"},"modified":"2013-09-16T10:36:41","modified_gmt":"2013-09-16T10:36:41","slug":"estilo-da-corte-dos-prazos-de-apelacao","status":"publish","type":"page","link":"https:\/\/www.ulusiada.pt\/clima\/ius-proprium-costumes-e-estilos-da-corte\/tribunal-da-corte\/estilo-da-corte-dos-prazos-de-apelacao\/","title":{"rendered":"Estilo da Corte dos prazos de apela\u00e7\u00e3o"},"content":{"rendered":"<p>Estilo da Corte (<em>Constitu\u00e7om geeral iulgada en casa delRey\/Costume he geral e he feito<\/em>)\u00a0sobre os prazos que t\u00eam aqueles que ganham carta de el-rei para apela\u00e7\u00e3o.<\/p>\n","protected":false},"excerpt":{"rendered":"<p>Estilo da Corte (Constitu\u00e7om geeral iulgada en casa delRey\/Costume he geral e he feito)\u00a0sobre os prazos que t\u00eam aqueles que ganham carta de el-rei para apela\u00e7\u00e3o.<\/p>\n","protected":false},"author":1,"featured_media":0,"parent":4184,"menu_order":0,"comment_status":"closed","ping_status":"open","template":"lei-page.php","meta":[],"acf":[],"_links":{"self":[{"href":"https:\/\/www.ulusiada.pt\/clima\/wp-json\/wp\/v2\/pages\/3535"}],"collection":[{"href":"https:\/\/www.ulusiada.pt\/clima\/wp-json\/wp\/v2\/pages"}],"about":[{"href":"https:\/\/www.ulusiada.pt\/clima\/wp-json\/wp\/v2\/types\/page"}],"author":[{"embeddable":true,"href":"https:\/\/www.ulusiada.pt\/clima\/wp-json\/wp\/v2\/users\/1"}],"replies":[{"embeddable":true,"href":"https:\/\/www.ulusiada.pt\/clima\/wp-json\/wp\/v2\/comments?post=3535"}],"version-history":[{"count":5,"href":"https:\/\/www.ulusiada.pt\/clima\/wp-json\/wp\/v2\/pages\/3535\/revisions"}],"predecessor-version":[{"id":3537,"href":"https:\/\/www.ulusiada.pt\/clima\/wp-json\/wp\/v2\/pages\/3535\/revisions\/3537"}],"up":[{"embeddable":true,"href":"https:\/\/www.ulusiada.pt\/clima\/wp-json\/wp\/v2\/pages\/4184"}],"wp:attachment":[{"href":"https:\/\/www.ulusiada.pt\/clima\/wp-json\/wp\/v2\/media?parent=3535"}],"curies":[{"name":"wp","href":"https:\/\/api.w.org\/{rel}","templated":true}]}}