{"id":3541,"date":"2013-08-03T09:35:46","date_gmt":"2013-08-03T09:35:46","guid":{"rendered":"http:\/\/www.ulusiada.pt\/clima\/?page_id=3541"},"modified":"2013-09-16T13:35:46","modified_gmt":"2013-09-16T13:35:46","slug":"costume-da-apelacao","status":"publish","type":"page","link":"https:\/\/www.ulusiada.pt\/clima\/ius-proprium-costumes-e-estilos-da-corte\/tribunal-da-corte\/costume-da-apelacao\/","title":{"rendered":"Costume da apela\u00e7\u00e3o"},"content":{"rendered":"<p>Costume (<em>Costume he geeral<\/em>)\u00a0que define que depois da apela\u00e7\u00e3o o juiz perde a jurisdi\u00e7\u00e3o no pleito.<\/p>\n","protected":false},"excerpt":{"rendered":"<p>Costume (Costume he geeral)\u00a0que define que depois da apela\u00e7\u00e3o o juiz perde a jurisdi\u00e7\u00e3o no pleito.<\/p>\n","protected":false},"author":1,"featured_media":0,"parent":4184,"menu_order":1,"comment_status":"closed","ping_status":"open","template":"lei-page.php","meta":[],"acf":[],"_links":{"self":[{"href":"https:\/\/www.ulusiada.pt\/clima\/wp-json\/wp\/v2\/pages\/3541"}],"collection":[{"href":"https:\/\/www.ulusiada.pt\/clima\/wp-json\/wp\/v2\/pages"}],"about":[{"href":"https:\/\/www.ulusiada.pt\/clima\/wp-json\/wp\/v2\/types\/page"}],"author":[{"embeddable":true,"href":"https:\/\/www.ulusiada.pt\/clima\/wp-json\/wp\/v2\/users\/1"}],"replies":[{"embeddable":true,"href":"https:\/\/www.ulusiada.pt\/clima\/wp-json\/wp\/v2\/comments?post=3541"}],"version-history":[{"count":4,"href":"https:\/\/www.ulusiada.pt\/clima\/wp-json\/wp\/v2\/pages\/3541\/revisions"}],"predecessor-version":[{"id":3543,"href":"https:\/\/www.ulusiada.pt\/clima\/wp-json\/wp\/v2\/pages\/3541\/revisions\/3543"}],"up":[{"embeddable":true,"href":"https:\/\/www.ulusiada.pt\/clima\/wp-json\/wp\/v2\/pages\/4184"}],"wp:attachment":[{"href":"https:\/\/www.ulusiada.pt\/clima\/wp-json\/wp\/v2\/media?parent=3541"}],"curies":[{"name":"wp","href":"https:\/\/api.w.org\/{rel}","templated":true}]}}