{"id":3549,"date":"2013-08-03T10:06:38","date_gmt":"2013-08-03T10:06:38","guid":{"rendered":"http:\/\/www.ulusiada.pt\/clima\/?page_id=3549"},"modified":"2013-08-03T10:06:38","modified_gmt":"2013-08-03T10:06:38","slug":"lei-da-responsabilidade-do-juiz-na-apelacao","status":"publish","type":"page","link":"https:\/\/www.ulusiada.pt\/clima\/ius-proprium-leis-gerais\/d-afonso-iii\/lei-da-responsabilidade-do-juiz-na-apelacao\/","title":{"rendered":"Lei da responsabilidade do juiz na apela\u00e7\u00e3o"},"content":{"rendered":"<p>Lei sobre o juiz que n\u00e3o quer dar o ju\u00edzo por escrito ao que apela, fica obrigado a pagar as despesas.<\/p>\n","protected":false},"excerpt":{"rendered":"<p>Lei sobre o juiz que n\u00e3o quer dar o ju\u00edzo por escrito ao que apela, fica obrigado a pagar as despesas.<\/p>\n","protected":false},"author":1,"featured_media":0,"parent":91,"menu_order":155,"comment_status":"closed","ping_status":"open","template":"lei-page.php","meta":[],"acf":[],"_links":{"self":[{"href":"https:\/\/www.ulusiada.pt\/clima\/wp-json\/wp\/v2\/pages\/3549"}],"collection":[{"href":"https:\/\/www.ulusiada.pt\/clima\/wp-json\/wp\/v2\/pages"}],"about":[{"href":"https:\/\/www.ulusiada.pt\/clima\/wp-json\/wp\/v2\/types\/page"}],"author":[{"embeddable":true,"href":"https:\/\/www.ulusiada.pt\/clima\/wp-json\/wp\/v2\/users\/1"}],"replies":[{"embeddable":true,"href":"https:\/\/www.ulusiada.pt\/clima\/wp-json\/wp\/v2\/comments?post=3549"}],"version-history":[{"count":2,"href":"https:\/\/www.ulusiada.pt\/clima\/wp-json\/wp\/v2\/pages\/3549\/revisions"}],"predecessor-version":[{"id":3551,"href":"https:\/\/www.ulusiada.pt\/clima\/wp-json\/wp\/v2\/pages\/3549\/revisions\/3551"}],"up":[{"embeddable":true,"href":"https:\/\/www.ulusiada.pt\/clima\/wp-json\/wp\/v2\/pages\/91"}],"wp:attachment":[{"href":"https:\/\/www.ulusiada.pt\/clima\/wp-json\/wp\/v2\/media?parent=3549"}],"curies":[{"name":"wp","href":"https:\/\/api.w.org\/{rel}","templated":true}]}}