{"id":3570,"date":"2013-08-03T11:11:53","date_gmt":"2013-08-03T11:11:53","guid":{"rendered":"http:\/\/www.ulusiada.pt\/clima\/?page_id=3570"},"modified":"2013-08-03T11:11:53","modified_gmt":"2013-08-03T11:11:53","slug":"lei-da-apelacao-para-el-rei","status":"publish","type":"page","link":"https:\/\/www.ulusiada.pt\/clima\/ius-proprium-leis-gerais\/d-afonso-iii\/lei-da-apelacao-para-el-rei\/","title":{"rendered":"Lei da apela\u00e7\u00e3o para el-rei"},"content":{"rendered":"<p>Lei sobre apela\u00e7\u00e3o ao tribunal da Corte, para que os sobrejuizes e ouvidores n\u00e3o conhe\u00e7am de senten\u00e7a definitiva, salvo se lho el-rei permitir pessoalmente ou por carta.<\/p>\n","protected":false},"excerpt":{"rendered":"<p>Lei sobre apela\u00e7\u00e3o ao tribunal da Corte, para que os sobrejuizes e ouvidores n\u00e3o conhe\u00e7am de senten\u00e7a definitiva, salvo se lho el-rei permitir pessoalmente ou por carta.<\/p>\n","protected":false},"author":1,"featured_media":0,"parent":91,"menu_order":162,"comment_status":"closed","ping_status":"open","template":"lei-page.php","meta":[],"acf":[],"_links":{"self":[{"href":"https:\/\/www.ulusiada.pt\/clima\/wp-json\/wp\/v2\/pages\/3570"}],"collection":[{"href":"https:\/\/www.ulusiada.pt\/clima\/wp-json\/wp\/v2\/pages"}],"about":[{"href":"https:\/\/www.ulusiada.pt\/clima\/wp-json\/wp\/v2\/types\/page"}],"author":[{"embeddable":true,"href":"https:\/\/www.ulusiada.pt\/clima\/wp-json\/wp\/v2\/users\/1"}],"replies":[{"embeddable":true,"href":"https:\/\/www.ulusiada.pt\/clima\/wp-json\/wp\/v2\/comments?post=3570"}],"version-history":[{"count":2,"href":"https:\/\/www.ulusiada.pt\/clima\/wp-json\/wp\/v2\/pages\/3570\/revisions"}],"predecessor-version":[{"id":3572,"href":"https:\/\/www.ulusiada.pt\/clima\/wp-json\/wp\/v2\/pages\/3570\/revisions\/3572"}],"up":[{"embeddable":true,"href":"https:\/\/www.ulusiada.pt\/clima\/wp-json\/wp\/v2\/pages\/91"}],"wp:attachment":[{"href":"https:\/\/www.ulusiada.pt\/clima\/wp-json\/wp\/v2\/media?parent=3570"}],"curies":[{"name":"wp","href":"https:\/\/api.w.org\/{rel}","templated":true}]}}