{"id":3734,"date":"2013-08-05T10:28:18","date_gmt":"2013-08-05T10:28:18","guid":{"rendered":"http:\/\/www.ulusiada.pt\/clima\/?page_id=3734"},"modified":"2015-08-07T11:23:22","modified_gmt":"2015-08-07T11:23:22","slug":"lei-da-isencao-de-fossadeira","status":"publish","type":"page","link":"https:\/\/www.ulusiada.pt\/clima\/ius-proprium-leis-gerais\/d-afonso-iii\/lei-da-isencao-de-fossadeira\/","title":{"rendered":"Lei da isen\u00e7\u00e3o de fossadeira"},"content":{"rendered":"<p>Lei que isenta as vi\u00favas, \u00f3rf\u00e3os e os velhos de pagarem fossadeira.<\/p>\n","protected":false},"excerpt":{"rendered":"<p>Lei que isenta as vi\u00favas, \u00f3rf\u00e3os e os velhos de pagarem fossadeira.<\/p>\n","protected":false},"author":1,"featured_media":0,"parent":91,"menu_order":12,"comment_status":"closed","ping_status":"open","template":"lei-page.php","meta":[],"acf":[],"_links":{"self":[{"href":"https:\/\/www.ulusiada.pt\/clima\/wp-json\/wp\/v2\/pages\/3734"}],"collection":[{"href":"https:\/\/www.ulusiada.pt\/clima\/wp-json\/wp\/v2\/pages"}],"about":[{"href":"https:\/\/www.ulusiada.pt\/clima\/wp-json\/wp\/v2\/types\/page"}],"author":[{"embeddable":true,"href":"https:\/\/www.ulusiada.pt\/clima\/wp-json\/wp\/v2\/users\/1"}],"replies":[{"embeddable":true,"href":"https:\/\/www.ulusiada.pt\/clima\/wp-json\/wp\/v2\/comments?post=3734"}],"version-history":[{"count":10,"href":"https:\/\/www.ulusiada.pt\/clima\/wp-json\/wp\/v2\/pages\/3734\/revisions"}],"predecessor-version":[{"id":4706,"href":"https:\/\/www.ulusiada.pt\/clima\/wp-json\/wp\/v2\/pages\/3734\/revisions\/4706"}],"up":[{"embeddable":true,"href":"https:\/\/www.ulusiada.pt\/clima\/wp-json\/wp\/v2\/pages\/91"}],"wp:attachment":[{"href":"https:\/\/www.ulusiada.pt\/clima\/wp-json\/wp\/v2\/media?parent=3734"}],"curies":[{"name":"wp","href":"https:\/\/api.w.org\/{rel}","templated":true}]}}