{"id":384,"date":"2012-04-01T12:19:25","date_gmt":"2012-04-01T12:19:25","guid":{"rendered":"http:\/\/www.ulusiada.pt\/clima\/?page_id=384"},"modified":"2013-08-17T11:03:08","modified_gmt":"2013-08-17T11:03:08","slug":"lei-moeda-falsa","status":"publish","type":"page","link":"https:\/\/www.ulusiada.pt\/clima\/ius-proprium-leis-gerais\/d-afonso-ii\/lei-moeda-falsa\/","title":{"rendered":"Lei moeda falsa"},"content":{"rendered":"<p>Lei que estabelece a pena de talhamento de p\u00e9s e m\u00e3os e perda de todo o seu patrim\u00f3nio aos moedeiros que fizerem moeda falsa e aos ourives que falsearem ouro ou prata.<\/p>\n","protected":false},"excerpt":{"rendered":"<p>Lei que estabelece a pena de talhamento de p\u00e9s e m\u00e3os e perda de todo o seu patrim\u00f3nio aos moedeiros que fizerem moeda falsa e aos ourives que falsearem ouro ou prata.<\/p>\n","protected":false},"author":1,"featured_media":0,"parent":78,"menu_order":26,"comment_status":"closed","ping_status":"open","template":"lei-page.php","meta":[],"acf":[],"_links":{"self":[{"href":"https:\/\/www.ulusiada.pt\/clima\/wp-json\/wp\/v2\/pages\/384"}],"collection":[{"href":"https:\/\/www.ulusiada.pt\/clima\/wp-json\/wp\/v2\/pages"}],"about":[{"href":"https:\/\/www.ulusiada.pt\/clima\/wp-json\/wp\/v2\/types\/page"}],"author":[{"embeddable":true,"href":"https:\/\/www.ulusiada.pt\/clima\/wp-json\/wp\/v2\/users\/1"}],"replies":[{"embeddable":true,"href":"https:\/\/www.ulusiada.pt\/clima\/wp-json\/wp\/v2\/comments?post=384"}],"version-history":[{"count":7,"href":"https:\/\/www.ulusiada.pt\/clima\/wp-json\/wp\/v2\/pages\/384\/revisions"}],"predecessor-version":[{"id":1139,"href":"https:\/\/www.ulusiada.pt\/clima\/wp-json\/wp\/v2\/pages\/384\/revisions\/1139"}],"up":[{"embeddable":true,"href":"https:\/\/www.ulusiada.pt\/clima\/wp-json\/wp\/v2\/pages\/78"}],"wp:attachment":[{"href":"https:\/\/www.ulusiada.pt\/clima\/wp-json\/wp\/v2\/media?parent=384"}],"curies":[{"name":"wp","href":"https:\/\/api.w.org\/{rel}","templated":true}]}}