{"id":4184,"date":"2013-09-11T14:59:57","date_gmt":"2013-09-11T14:59:57","guid":{"rendered":"http:\/\/www.ulusiada.pt\/clima\/?page_id=4184"},"modified":"2013-09-16T15:47:39","modified_gmt":"2013-09-16T15:47:39","slug":"tribunal-da-corte","status":"publish","type":"page","link":"https:\/\/www.ulusiada.pt\/clima\/ius-proprium-costumes-e-estilos-da-corte\/tribunal-da-corte\/","title":{"rendered":"Tribunal da Corte"},"content":{"rendered":"<p>Casa da Justi\u00e7a de el-rei.<\/p>\n<p>1441.Agosto.25 &#8211; &#8220;Casa da Suplica\u00e7\u00e3o que anda em nossa corte&#8221;.<\/p>\n","protected":false},"excerpt":{"rendered":"<p>Casa da Justi\u00e7a de el-rei. 1441.Agosto.25 &#8211; &#8220;Casa da Suplica\u00e7\u00e3o que anda em nossa corte&#8221;.<\/p>\n","protected":false},"author":1,"featured_media":0,"parent":4180,"menu_order":0,"comment_status":"closed","ping_status":"open","template":"rei-page.php","meta":[],"acf":[],"_links":{"self":[{"href":"https:\/\/www.ulusiada.pt\/clima\/wp-json\/wp\/v2\/pages\/4184"}],"collection":[{"href":"https:\/\/www.ulusiada.pt\/clima\/wp-json\/wp\/v2\/pages"}],"about":[{"href":"https:\/\/www.ulusiada.pt\/clima\/wp-json\/wp\/v2\/types\/page"}],"author":[{"embeddable":true,"href":"https:\/\/www.ulusiada.pt\/clima\/wp-json\/wp\/v2\/users\/1"}],"replies":[{"embeddable":true,"href":"https:\/\/www.ulusiada.pt\/clima\/wp-json\/wp\/v2\/comments?post=4184"}],"version-history":[{"count":3,"href":"https:\/\/www.ulusiada.pt\/clima\/wp-json\/wp\/v2\/pages\/4184\/revisions"}],"predecessor-version":[{"id":4301,"href":"https:\/\/www.ulusiada.pt\/clima\/wp-json\/wp\/v2\/pages\/4184\/revisions\/4301"}],"up":[{"embeddable":true,"href":"https:\/\/www.ulusiada.pt\/clima\/wp-json\/wp\/v2\/pages\/4180"}],"wp:attachment":[{"href":"https:\/\/www.ulusiada.pt\/clima\/wp-json\/wp\/v2\/media?parent=4184"}],"curies":[{"name":"wp","href":"https:\/\/api.w.org\/{rel}","templated":true}]}}