{"id":5481,"date":"2023-03-21T09:25:09","date_gmt":"2023-03-21T09:25:09","guid":{"rendered":"http:\/\/www.ulusiada.pt\/clima\/?page_id=5481"},"modified":"2023-03-21T09:26:22","modified_gmt":"2023-03-21T09:26:22","slug":"vimieiro","status":"publish","type":"page","link":"https:\/\/www.ulusiada.pt\/clima\/ius-proprium-leis-gerais\/d-duarte\/vimieiro\/","title":{"rendered":"Vimieiro"},"content":{"rendered":"\n<p>Ordena\u00e7\u00e3o proibindo os poderosos de dar cartas de privil\u00e9gio, mas ressalvando a rainha e os infantes.<\/p>\n","protected":false},"excerpt":{"rendered":"<p>Ordena\u00e7\u00e3o proibindo os poderosos de dar cartas de privil\u00e9gio, mas ressalvando a rainha e os infantes.<\/p>\n","protected":false},"author":5,"featured_media":0,"parent":116,"menu_order":9,"comment_status":"closed","ping_status":"closed","template":"lei-page.php","meta":[],"acf":[],"_links":{"self":[{"href":"https:\/\/www.ulusiada.pt\/clima\/wp-json\/wp\/v2\/pages\/5481"}],"collection":[{"href":"https:\/\/www.ulusiada.pt\/clima\/wp-json\/wp\/v2\/pages"}],"about":[{"href":"https:\/\/www.ulusiada.pt\/clima\/wp-json\/wp\/v2\/types\/page"}],"author":[{"embeddable":true,"href":"https:\/\/www.ulusiada.pt\/clima\/wp-json\/wp\/v2\/users\/5"}],"replies":[{"embeddable":true,"href":"https:\/\/www.ulusiada.pt\/clima\/wp-json\/wp\/v2\/comments?post=5481"}],"version-history":[{"count":2,"href":"https:\/\/www.ulusiada.pt\/clima\/wp-json\/wp\/v2\/pages\/5481\/revisions"}],"predecessor-version":[{"id":5483,"href":"https:\/\/www.ulusiada.pt\/clima\/wp-json\/wp\/v2\/pages\/5481\/revisions\/5483"}],"up":[{"embeddable":true,"href":"https:\/\/www.ulusiada.pt\/clima\/wp-json\/wp\/v2\/pages\/116"}],"wp:attachment":[{"href":"https:\/\/www.ulusiada.pt\/clima\/wp-json\/wp\/v2\/media?parent=5481"}],"curies":[{"name":"wp","href":"https:\/\/api.w.org\/{rel}","templated":true}]}}