{"id":5493,"date":"2023-03-21T09:45:56","date_gmt":"2023-03-21T09:45:56","guid":{"rendered":"http:\/\/www.ulusiada.pt\/clima\/?page_id=5493"},"modified":"2023-03-21T09:46:47","modified_gmt":"2023-03-21T09:46:47","slug":"santarem-6","status":"publish","type":"page","link":"https:\/\/www.ulusiada.pt\/clima\/ius-proprium-leis-gerais\/d-duarte\/santarem-6\/","title":{"rendered":"Santar\u00e9m"},"content":{"rendered":"\n<p>Determina\u00e7\u00e3o r\u00e9gia para que as partes n\u00e3o v\u00e3o falar aos desembargadores a suas casas, sob pena de dois mil reais brancos por cada vez, a metade para o acusador e a outra metade para a arca da piedade.<\/p>\n","protected":false},"excerpt":{"rendered":"<p>Determina\u00e7\u00e3o r\u00e9gia para que as partes n\u00e3o v\u00e3o falar aos desembargadores a suas casas, sob pena de dois mil reais brancos por cada vez, a metade para o acusador e a outra metade para a arca da piedade.<\/p>\n","protected":false},"author":5,"featured_media":0,"parent":116,"menu_order":13,"comment_status":"closed","ping_status":"closed","template":"lei-page.php","meta":[],"acf":[],"_links":{"self":[{"href":"https:\/\/www.ulusiada.pt\/clima\/wp-json\/wp\/v2\/pages\/5493"}],"collection":[{"href":"https:\/\/www.ulusiada.pt\/clima\/wp-json\/wp\/v2\/pages"}],"about":[{"href":"https:\/\/www.ulusiada.pt\/clima\/wp-json\/wp\/v2\/types\/page"}],"author":[{"embeddable":true,"href":"https:\/\/www.ulusiada.pt\/clima\/wp-json\/wp\/v2\/users\/5"}],"replies":[{"embeddable":true,"href":"https:\/\/www.ulusiada.pt\/clima\/wp-json\/wp\/v2\/comments?post=5493"}],"version-history":[{"count":2,"href":"https:\/\/www.ulusiada.pt\/clima\/wp-json\/wp\/v2\/pages\/5493\/revisions"}],"predecessor-version":[{"id":5495,"href":"https:\/\/www.ulusiada.pt\/clima\/wp-json\/wp\/v2\/pages\/5493\/revisions\/5495"}],"up":[{"embeddable":true,"href":"https:\/\/www.ulusiada.pt\/clima\/wp-json\/wp\/v2\/pages\/116"}],"wp:attachment":[{"href":"https:\/\/www.ulusiada.pt\/clima\/wp-json\/wp\/v2\/media?parent=5493"}],"curies":[{"name":"wp","href":"https:\/\/api.w.org\/{rel}","templated":true}]}}