{"id":5514,"date":"2023-03-21T10:03:34","date_gmt":"2023-03-21T10:03:34","guid":{"rendered":"http:\/\/www.ulusiada.pt\/clima\/?page_id=5514"},"modified":"2023-03-21T10:04:20","modified_gmt":"2023-03-21T10:04:20","slug":"evora-2","status":"publish","type":"page","link":"https:\/\/www.ulusiada.pt\/clima\/ius-proprium-leis-gerais\/d-duarte\/evora-2\/","title":{"rendered":"\u00c9vora"},"content":{"rendered":"\n<p>Ordena\u00e7\u00e3o das cartas difamat\u00f3rias que se lan\u00e7am, encobertamente, pro mal dizer.<\/p>\n","protected":false},"excerpt":{"rendered":"<p>Ordena\u00e7\u00e3o das cartas difamat\u00f3rias que se lan\u00e7am, encobertamente, pro mal dizer.<\/p>\n","protected":false},"author":5,"featured_media":0,"parent":116,"menu_order":20,"comment_status":"closed","ping_status":"closed","template":"lei-page.php","meta":[],"acf":[],"_links":{"self":[{"href":"https:\/\/www.ulusiada.pt\/clima\/wp-json\/wp\/v2\/pages\/5514"}],"collection":[{"href":"https:\/\/www.ulusiada.pt\/clima\/wp-json\/wp\/v2\/pages"}],"about":[{"href":"https:\/\/www.ulusiada.pt\/clima\/wp-json\/wp\/v2\/types\/page"}],"author":[{"embeddable":true,"href":"https:\/\/www.ulusiada.pt\/clima\/wp-json\/wp\/v2\/users\/5"}],"replies":[{"embeddable":true,"href":"https:\/\/www.ulusiada.pt\/clima\/wp-json\/wp\/v2\/comments?post=5514"}],"version-history":[{"count":2,"href":"https:\/\/www.ulusiada.pt\/clima\/wp-json\/wp\/v2\/pages\/5514\/revisions"}],"predecessor-version":[{"id":5516,"href":"https:\/\/www.ulusiada.pt\/clima\/wp-json\/wp\/v2\/pages\/5514\/revisions\/5516"}],"up":[{"embeddable":true,"href":"https:\/\/www.ulusiada.pt\/clima\/wp-json\/wp\/v2\/pages\/116"}],"wp:attachment":[{"href":"https:\/\/www.ulusiada.pt\/clima\/wp-json\/wp\/v2\/media?parent=5514"}],"curies":[{"name":"wp","href":"https:\/\/api.w.org\/{rel}","templated":true}]}}