{"id":5517,"date":"2023-03-21T10:06:23","date_gmt":"2023-03-21T10:06:23","guid":{"rendered":"http:\/\/www.ulusiada.pt\/clima\/?page_id=5517"},"modified":"2023-03-21T10:07:52","modified_gmt":"2023-03-21T10:07:52","slug":"montemor-o-novo","status":"publish","type":"page","link":"https:\/\/www.ulusiada.pt\/clima\/ius-proprium-leis-gerais\/d-duarte\/montemor-o-novo\/","title":{"rendered":"Montemor-o-Novo"},"content":{"rendered":"\n<p>Ordena\u00e7\u00e3o do que \u00e9 obrigado a pagar maravedi de Castela, quanto pagar\u00e1 por ele em Portugal.<\/p>\n","protected":false},"excerpt":{"rendered":"<p>Ordena\u00e7\u00e3o do que \u00e9 obrigado a pagar maravedi de Castela, quanto pagar\u00e1 por ele em Portugal.<\/p>\n","protected":false},"author":5,"featured_media":0,"parent":116,"menu_order":21,"comment_status":"closed","ping_status":"closed","template":"lei-page.php","meta":[],"acf":[],"_links":{"self":[{"href":"https:\/\/www.ulusiada.pt\/clima\/wp-json\/wp\/v2\/pages\/5517"}],"collection":[{"href":"https:\/\/www.ulusiada.pt\/clima\/wp-json\/wp\/v2\/pages"}],"about":[{"href":"https:\/\/www.ulusiada.pt\/clima\/wp-json\/wp\/v2\/types\/page"}],"author":[{"embeddable":true,"href":"https:\/\/www.ulusiada.pt\/clima\/wp-json\/wp\/v2\/users\/5"}],"replies":[{"embeddable":true,"href":"https:\/\/www.ulusiada.pt\/clima\/wp-json\/wp\/v2\/comments?post=5517"}],"version-history":[{"count":2,"href":"https:\/\/www.ulusiada.pt\/clima\/wp-json\/wp\/v2\/pages\/5517\/revisions"}],"predecessor-version":[{"id":5519,"href":"https:\/\/www.ulusiada.pt\/clima\/wp-json\/wp\/v2\/pages\/5517\/revisions\/5519"}],"up":[{"embeddable":true,"href":"https:\/\/www.ulusiada.pt\/clima\/wp-json\/wp\/v2\/pages\/116"}],"wp:attachment":[{"href":"https:\/\/www.ulusiada.pt\/clima\/wp-json\/wp\/v2\/media?parent=5517"}],"curies":[{"name":"wp","href":"https:\/\/api.w.org\/{rel}","templated":true}]}}