{"id":5551,"date":"2023-03-21T11:41:08","date_gmt":"2023-03-21T11:41:08","guid":{"rendered":"http:\/\/www.ulusiada.pt\/clima\/?page_id=5551"},"modified":"2023-03-21T11:41:57","modified_gmt":"2023-03-21T11:41:57","slug":"estremoz-4","status":"publish","type":"page","link":"https:\/\/www.ulusiada.pt\/clima\/ius-proprium-leis-gerais\/d-duarte\/estremoz-4\/","title":{"rendered":"Estremoz"},"content":{"rendered":"\n<p>Ordena\u00e7\u00e3o proibindo as vig\u00edlias e dormidas em igrejas, mosteiros, ermidas e orat\u00f3rios, para obstar aos jogos, tangeres e cantares que neles se faziam, dificultando o of\u00edcio divino e as ora\u00e7\u00f5es dos bons crist\u00e3os. Para os prevaricadores foi estabelecida uma coima de trezentos reais, ficando duzentos para os cativos e cem para os delatores.<\/p>\n","protected":false},"excerpt":{"rendered":"<p>Ordena\u00e7\u00e3o proibindo as vig\u00edlias e dormidas em igrejas, mosteiros, ermidas e orat\u00f3rios, para obstar aos jogos, tangeres e cantares que neles se faziam, dificultando o of\u00edcio divino e as ora\u00e7\u00f5es dos bons crist\u00e3os. Para os prevaricadores foi estabelecida uma coima &hellip; <a href=\"https:\/\/www.ulusiada.pt\/clima\/ius-proprium-leis-gerais\/d-duarte\/estremoz-4\/\">Continuar a ler <span class=\"meta-nav\">&rarr;<\/span><\/a><\/p>\n","protected":false},"author":5,"featured_media":0,"parent":116,"menu_order":32,"comment_status":"closed","ping_status":"closed","template":"lei-page.php","meta":[],"acf":[],"_links":{"self":[{"href":"https:\/\/www.ulusiada.pt\/clima\/wp-json\/wp\/v2\/pages\/5551"}],"collection":[{"href":"https:\/\/www.ulusiada.pt\/clima\/wp-json\/wp\/v2\/pages"}],"about":[{"href":"https:\/\/www.ulusiada.pt\/clima\/wp-json\/wp\/v2\/types\/page"}],"author":[{"embeddable":true,"href":"https:\/\/www.ulusiada.pt\/clima\/wp-json\/wp\/v2\/users\/5"}],"replies":[{"embeddable":true,"href":"https:\/\/www.ulusiada.pt\/clima\/wp-json\/wp\/v2\/comments?post=5551"}],"version-history":[{"count":2,"href":"https:\/\/www.ulusiada.pt\/clima\/wp-json\/wp\/v2\/pages\/5551\/revisions"}],"predecessor-version":[{"id":5553,"href":"https:\/\/www.ulusiada.pt\/clima\/wp-json\/wp\/v2\/pages\/5551\/revisions\/5553"}],"up":[{"embeddable":true,"href":"https:\/\/www.ulusiada.pt\/clima\/wp-json\/wp\/v2\/pages\/116"}],"wp:attachment":[{"href":"https:\/\/www.ulusiada.pt\/clima\/wp-json\/wp\/v2\/media?parent=5551"}],"curies":[{"name":"wp","href":"https:\/\/api.w.org\/{rel}","templated":true}]}}